Last updated on 2022-10-03 11:50:09 CEST.
Flavor | Version | Tinstall | Tcheck | Ttotal | Status | Flags |
---|---|---|---|---|---|---|
r-devel-linux-x86_64-debian-clang | 0.3 | 14.83 | 156.34 | 171.17 | NOTE | |
r-devel-linux-x86_64-debian-gcc | 0.3 | 13.98 | 115.79 | 129.77 | NOTE | |
r-devel-linux-x86_64-fedora-clang | 0.3 | 223.34 | NOTE | |||
r-devel-linux-x86_64-fedora-gcc | 0.3 | 212.21 | NOTE | |||
r-devel-windows-x86_64 | 0.3 | 30.00 | 189.00 | 219.00 | NOTE | |
r-patched-linux-x86_64 | 0.3 | 15.56 | 144.49 | 160.05 | OK | |
r-release-linux-x86_64 | 0.3 | 11.67 | 142.35 | 154.02 | OK | |
r-release-macos-arm64 | 0.3 | 64.00 | OK | |||
r-release-macos-x86_64 | 0.3 | 104.00 | OK | |||
r-release-windows-x86_64 | 0.3 | 36.00 | 188.00 | 224.00 | OK | |
r-oldrel-macos-arm64 | 0.3 | 62.00 | OK | |||
r-oldrel-macos-x86_64 | 0.3 | 91.00 | OK | |||
r-oldrel-windows-ix86+x86_64 | 0.3 | 36.00 | 180.00 | 216.00 | OK |
Version: 0.3
Check: HTML version of manual
Result: NOTE
Found the following HTML validation problems:
dx.html:74:38: Warning: nested emphasis <code>
dx.html:81:38: Warning: nested emphasis <code>
dx.html:92:38: Warning: nested emphasis <code>
dx.html:100:38: Warning: nested emphasis <code>
dx.html:112:38: Warning: nested emphasis <code>
dx.html:148:38: Warning: nested emphasis <code>
dx.html:170:38: Warning: nested emphasis <code>
dx.html:229:38: Warning: nested emphasis <code>
dx.html:240:38: Warning: nested emphasis <code>
dx.html:251:38: Warning: nested emphasis <code>
dx.html:269:38: Warning: nested emphasis <code>
dx.html:282:38: Warning: nested emphasis <code>
plotGlm.html:219:38: Warning: nested emphasis <code>
plotGlm.html:225:38: Warning: nested emphasis <code>
plotGlm.html:233:38: Warning: nested emphasis <code>
plotGlm.html:240:38: Warning: nested emphasis <code>
plotGlm.html:248:38: Warning: nested emphasis <code>
plotGlm.html:271:38: Warning: nested emphasis <code>
plotGlm.html:279:38: Warning: nested emphasis <code>
plotGlm.html:286:38: Warning: nested emphasis <code>
Flavors: r-devel-linux-x86_64-debian-clang, r-devel-linux-x86_64-debian-gcc, r-devel-linux-x86_64-fedora-clang, r-devel-linux-x86_64-fedora-gcc, r-devel-windows-x86_64