Last updated on 2022-10-03 11:50:11 CEST.
Flavor | Version | Tinstall | Tcheck | Ttotal | Status | Flags |
---|---|---|---|---|---|---|
r-devel-linux-x86_64-debian-clang | 1.0.0 | 5.52 | 65.32 | 70.84 | NOTE | |
r-devel-linux-x86_64-debian-gcc | 1.0.0 | 4.19 | 47.29 | 51.48 | NOTE | |
r-devel-linux-x86_64-fedora-clang | 1.0.0 | 100.91 | NOTE | |||
r-devel-linux-x86_64-fedora-gcc | 1.0.0 | 90.05 | NOTE | |||
r-devel-windows-x86_64 | 1.0.0 | 13.00 | 98.00 | 111.00 | NOTE | |
r-patched-linux-x86_64 | 1.0.0 | 3.57 | 58.74 | 62.31 | OK | |
r-release-linux-x86_64 | 1.0.0 | 3.28 | 58.72 | 62.00 | OK | |
r-release-macos-arm64 | 1.0.0 | 29.00 | OK | |||
r-release-macos-x86_64 | 1.0.0 | 46.00 | OK | |||
r-release-windows-x86_64 | 1.0.0 | 17.00 | 88.00 | 105.00 | OK | |
r-oldrel-macos-arm64 | 1.0.0 | 32.00 | OK | |||
r-oldrel-macos-x86_64 | 1.0.0 | 37.00 | OK | |||
r-oldrel-windows-ix86+x86_64 | 1.0.0 | 14.00 | 84.00 | 98.00 | OK |
Version: 1.0.0
Check: HTML version of manual
Result: NOTE
Found the following HTML validation problems:
Bm.html:19:1: Warning: missing </h2> before <p>
Bm.html:22:1: Warning: discarding unexpected </h2>
Flavors: r-devel-linux-x86_64-debian-clang, r-devel-linux-x86_64-debian-gcc, r-devel-linux-x86_64-fedora-clang, r-devel-linux-x86_64-fedora-gcc, r-devel-windows-x86_64