Last updated on 2022-10-03 10:50:33 CEST.
Flavor | Version | Tinstall | Tcheck | Ttotal | Status | Flags |
---|---|---|---|---|---|---|
r-devel-linux-x86_64-debian-clang | 0.4 | 1.49 | 24.12 | 25.61 | NOTE | |
r-devel-linux-x86_64-debian-gcc | 0.4 | 1.59 | 19.00 | 20.59 | NOTE | |
r-devel-linux-x86_64-fedora-clang | 0.4 | 44.81 | NOTE | |||
r-devel-linux-x86_64-fedora-gcc | 0.4 | 42.29 | NOTE | |||
r-devel-windows-x86_64 | 0.4 | 13.00 | 48.00 | 61.00 | NOTE | |
r-patched-linux-x86_64 | 0.4 | 1.52 | 23.02 | 24.54 | OK | |
r-release-linux-x86_64 | 0.4 | 2.09 | 22.67 | 24.76 | OK | |
r-release-macos-arm64 | 0.4 | 14.00 | OK | |||
r-release-macos-x86_64 | 0.4 | 20.00 | OK | |||
r-release-windows-x86_64 | 0.4 | 6.00 | 43.00 | 49.00 | OK | |
r-oldrel-macos-arm64 | 0.4 | 18.00 | OK | |||
r-oldrel-macos-x86_64 | 0.4 | 24.00 | OK | |||
r-oldrel-windows-ix86+x86_64 | 0.4 | 5.00 | 35.00 | 40.00 | OK |
Version: 0.4
Check: HTML version of manual
Result: NOTE
Found the following math rendering problems:
Overbeck2.Rd:52: Can't use function '$' in math mode in $K$
Overbeck2.Rd:53: Can't use function '$' in math mode in $X_{i}$
Overbeck2.Rd:55: Can't use function '$' in math mode in $X$
Flavors: r-devel-linux-x86_64-debian-clang, r-devel-linux-x86_64-debian-gcc, r-devel-linux-x86_64-fedora-clang, r-devel-linux-x86_64-fedora-gcc, r-devel-windows-x86_64