Last updated on 2022-10-03 11:50:16 CEST.
Flavor | Version | Tinstall | Tcheck | Ttotal | Status | Flags |
---|---|---|---|---|---|---|
r-devel-linux-x86_64-debian-clang | 1.2.0 | 17.97 | 144.86 | 162.83 | NOTE | |
r-devel-linux-x86_64-debian-gcc | 1.2.0 | 10.66 | 107.00 | 117.66 | NOTE | |
r-devel-linux-x86_64-fedora-clang | 1.2.0 | 205.48 | NOTE | |||
r-devel-linux-x86_64-fedora-gcc | 1.2.0 | 206.48 | NOTE | |||
r-devel-windows-x86_64 | 1.2.0 | 27.00 | 163.00 | 190.00 | NOTE | |
r-patched-linux-x86_64 | 1.2.0 | 16.29 | 134.73 | 151.02 | OK | |
r-release-linux-x86_64 | 1.2.0 | 10.22 | 133.04 | 143.26 | OK | |
r-release-macos-arm64 | 1.2.0 | 49.00 | OK | |||
r-release-macos-x86_64 | 1.2.0 | 77.00 | OK | |||
r-release-windows-x86_64 | 1.2.0 | 26.00 | 162.00 | 188.00 | OK | |
r-oldrel-macos-arm64 | 1.2.0 | 49.00 | OK | |||
r-oldrel-macos-x86_64 | 1.2.0 | 77.00 | OK | |||
r-oldrel-windows-ix86+x86_64 | 1.2.0 | 34.00 | 165.00 | 199.00 | OK |
Version: 1.2.0
Check: HTML version of manual
Result: NOTE
Found the following HTML validation problems:
ci.html:142:38: Warning: nested emphasis <code>
medci.html:136:38: Warning: nested emphasis <code>
Flavors: r-devel-linux-x86_64-debian-clang, r-devel-linux-x86_64-debian-gcc, r-devel-linux-x86_64-fedora-clang, r-devel-linux-x86_64-fedora-gcc, r-devel-windows-x86_64