Last updated on 2022-10-03 11:50:15 CEST.
Flavor | Version | Tinstall | Tcheck | Ttotal | Status | Flags |
---|---|---|---|---|---|---|
r-devel-linux-x86_64-debian-clang | 2.1.3 | 5.21 | 73.75 | 78.96 | NOTE | |
r-devel-linux-x86_64-debian-gcc | 2.1.3 | 3.72 | 56.20 | 59.92 | NOTE | |
r-devel-linux-x86_64-fedora-clang | 2.1.3 | 110.62 | NOTE | |||
r-devel-linux-x86_64-fedora-gcc | 2.1.3 | 107.90 | NOTE | |||
r-devel-windows-x86_64 | 2.1.3 | 29.00 | 148.00 | 177.00 | NOTE | |
r-patched-linux-x86_64 | 2.1.3 | 5.06 | 68.63 | 73.69 | OK | |
r-release-linux-x86_64 | 2.1.3 | 3.43 | 67.07 | 70.50 | OK | |
r-release-macos-arm64 | 2.1.3 | 32.00 | OK | |||
r-release-macos-x86_64 | 2.1.3 | 44.00 | OK | |||
r-release-windows-x86_64 | 2.1.3 | 40.00 | 133.00 | 173.00 | OK | |
r-oldrel-macos-arm64 | 2.1.3 | 29.00 | OK | |||
r-oldrel-macos-x86_64 | 2.1.3 | 47.00 | OK | |||
r-oldrel-windows-ix86+x86_64 | 2.1.3 | 10.00 | 126.00 | 136.00 | OK |
Version: 2.1.3
Check: HTML version of manual
Result: NOTE
Found the following HTML validation problems:
Rdistance-package.html:19:1: Warning: missing </h2> before <ul>
Rdistance-package.html:68:1: Warning: discarding unexpected </h2>
Flavors: r-devel-linux-x86_64-debian-clang, r-devel-linux-x86_64-debian-gcc, r-devel-linux-x86_64-fedora-clang, r-devel-linux-x86_64-fedora-gcc, r-devel-windows-x86_64