Last updated on 2022-10-03 11:50:01 CEST.
Flavor | Version | Tinstall | Tcheck | Ttotal | Status | Flags |
---|---|---|---|---|---|---|
r-devel-linux-x86_64-debian-clang | 0.1.3 | 32.96 | 152.27 | 185.23 | NOTE | |
r-devel-linux-x86_64-debian-gcc | 0.1.3 | 19.92 | 107.20 | 127.12 | NOTE | |
r-devel-linux-x86_64-fedora-clang | 0.1.3 | 240.51 | NOTE | |||
r-devel-linux-x86_64-fedora-gcc | 0.1.3 | 241.27 | NOTE | |||
r-devel-windows-x86_64 | 0.1.3 | 78.00 | 207.00 | 285.00 | NOTE | |
r-patched-linux-x86_64 | 0.1.3 | 24.82 | 145.65 | 170.47 | OK | |
r-release-linux-x86_64 | 0.1.3 | 25.67 | 150.40 | 176.07 | OK | |
r-release-macos-arm64 | 0.1.3 | 59.00 | OK | |||
r-release-macos-x86_64 | 0.1.3 | 86.00 | OK | |||
r-release-windows-x86_64 | 0.1.3 | 39.00 | 198.00 | 237.00 | OK | |
r-oldrel-macos-arm64 | 0.1.3 | 69.00 | OK | |||
r-oldrel-macos-x86_64 | 0.1.3 | 81.00 | OK | |||
r-oldrel-windows-ix86+x86_64 | 0.1.3 | 70.00 | 354.00 | 424.00 | OK |
Version: 0.1.3
Check: HTML version of manual
Result: NOTE
Found the following HTML validation problems:
ChiSquare.html:30:1: Warning: inserting implicit <p>
ChiSquare.html:109:1: Warning: inserting implicit <p>
FarringtonManning.html:32:1: Warning: inserting implicit <p>
FarringtonManning.html:101:1: Warning: inserting implicit <p>
Student.html:37:1: Warning: inserting implicit <p>
Student.html:113:1: Warning: inserting implicit <p>
Flavors: r-devel-linux-x86_64-debian-clang, r-devel-linux-x86_64-debian-gcc, r-devel-linux-x86_64-fedora-clang, r-devel-linux-x86_64-fedora-gcc, r-devel-windows-x86_64