Last updated on 2022-10-03 10:50:25 CEST.
Flavor | Version | Tinstall | Tcheck | Ttotal | Status | Flags |
---|---|---|---|---|---|---|
r-devel-linux-x86_64-debian-clang | 1.3.2 | 8.48 | 33.98 | 42.46 | NOTE | |
r-devel-linux-x86_64-debian-gcc | 1.3.2 | 5.28 | 25.91 | 31.19 | NOTE | |
r-devel-linux-x86_64-fedora-clang | 1.3.2 | 66.27 | NOTE | |||
r-devel-linux-x86_64-fedora-gcc | 1.3.2 | 58.65 | NOTE | |||
r-devel-windows-x86_64 | 1.3.2 | 21.00 | 60.00 | 81.00 | NOTE | |
r-patched-linux-x86_64 | 1.3.2 | 6.60 | 32.48 | 39.08 | OK | |
r-release-linux-x86_64 | 1.3.2 | 6.29 | 32.61 | 38.90 | OK | |
r-release-macos-arm64 | 1.3.2 | 19.00 | OK | |||
r-release-macos-x86_64 | 1.3.2 | 27.00 | OK | |||
r-release-windows-x86_64 | 1.3.2 | 14.00 | 54.00 | 68.00 | OK | |
r-oldrel-macos-arm64 | 1.3.2 | 21.00 | OK | |||
r-oldrel-macos-x86_64 | 1.3.2 | 27.00 | OK | |||
r-oldrel-windows-ix86+x86_64 | 1.3.2 | 11.00 | 41.00 | 52.00 | OK |
Version: 1.3.2
Check: HTML version of manual
Result: NOTE
Found the following math rendering problems:
cdfDRM.Rd:21: Undefined control sequence: \textsuperscript in \textsuperscript{th}
cdfDRM.Rd:42: Undefined control sequence: \textsuperscript in \textsuperscript{th}
densityDRM.Rd:12: Undefined control sequence: \textsuperscript in \textsuperscript{th}
quantileDRM.Rd:52: Undefined control sequence: \textsuperscript in \textsuperscript{th}
quantileDRM.Rd:77: Undefined control sequence: \textsuperscript in \textsuperscript{th}
quantileDRM.Rd:79: Undefined control sequence: \textsuperscript in \textsuperscript{th}
quantileDRM.Rd:89: Undefined control sequence: \textsuperscript in \textsuperscript{th}
quantileDRM.Rd:108: Undefined control sequence: \textsuperscript in \textsuperscript{th}
Flavors: r-devel-linux-x86_64-debian-clang, r-devel-linux-x86_64-debian-gcc, r-devel-linux-x86_64-fedora-clang, r-devel-linux-x86_64-fedora-gcc, r-devel-windows-x86_64
Version: 1.3.2
Check: compiled code
Result: NOTE
File ‘drmdel/libs/drmdel.so’:
Found no calls to: ‘R_registerRoutines’, ‘R_useDynamicSymbols’
It is good practice to register native routines and to disable symbol
search.
See ‘Writing portable packages’ in the ‘Writing R Extensions’ manual.
Flavors: r-devel-linux-x86_64-fedora-clang, r-devel-linux-x86_64-fedora-gcc