Last updated on 2022-10-03 10:50:33 CEST.
Flavor | Version | Tinstall | Tcheck | Ttotal | Status | Flags |
---|---|---|---|---|---|---|
r-devel-linux-x86_64-debian-clang | 1.7 | 13.04 | 188.29 | 201.33 | NOTE | |
r-devel-linux-x86_64-debian-gcc | 1.7 | 10.68 | 140.61 | 151.29 | NOTE | |
r-devel-linux-x86_64-fedora-clang | 1.7 | 273.64 | NOTE | |||
r-devel-linux-x86_64-fedora-gcc | 1.7 | 274.16 | NOTE | |||
r-devel-windows-x86_64 | 1.7 | 25.00 | 248.00 | 273.00 | NOTE | |
r-patched-linux-x86_64 | 1.7 | 11.78 | 173.95 | 185.73 | OK | |
r-release-linux-x86_64 | 1.7 | 12.10 | 173.19 | 185.29 | OK | |
r-release-macos-arm64 | 1.7 | 94.00 | OK | |||
r-release-macos-x86_64 | 1.7 | 123.00 | OK | |||
r-release-windows-x86_64 | 1.7 | 27.00 | 241.00 | 268.00 | OK | |
r-oldrel-macos-arm64 | 1.7 | 89.00 | OK | |||
r-oldrel-macos-x86_64 | 1.7 | 117.00 | OK | |||
r-oldrel-windows-ix86+x86_64 | 1.7 | 29.00 | 260.00 | 289.00 | OK |
Version: 1.7
Check: HTML version of manual
Result: NOTE
Found the following math rendering problems:
cub_spline_est.rd:40: Can't use function '$' in math mode in ...^T \alpha\leq 0$, $j=0,1,\ldots...
Flavors: r-devel-linux-x86_64-debian-clang, r-devel-linux-x86_64-debian-gcc, r-devel-linux-x86_64-fedora-clang, r-devel-linux-x86_64-fedora-gcc, r-devel-windows-x86_64