Last updated on 2022-10-03 10:50:41 CEST.
Flavor | Version | Tinstall | Tcheck | Ttotal | Status | Flags |
---|---|---|---|---|---|---|
r-devel-linux-x86_64-debian-clang | 3.0.1 | 14.03 | 105.72 | 119.75 | NOTE | |
r-devel-linux-x86_64-debian-gcc | 3.0.1 | 13.67 | 80.17 | 93.84 | NOTE | |
r-devel-linux-x86_64-fedora-clang | 3.0.1 | 167.68 | NOTE | |||
r-devel-linux-x86_64-fedora-gcc | 3.0.1 | 161.79 | NOTE | |||
r-devel-windows-x86_64 | 3.0.1 | 36.00 | 133.00 | 169.00 | NOTE | |
r-patched-linux-x86_64 | 3.0.1 | 14.90 | 101.02 | 115.92 | NOTE | |
r-release-linux-x86_64 | 3.0.1 | 15.24 | 100.74 | 115.98 | NOTE | |
r-release-macos-arm64 | 3.0.1 | 46.00 | NOTE | |||
r-release-macos-x86_64 | 3.0.1 | 65.00 | NOTE | |||
r-release-windows-x86_64 | 3.0.1 | 53.00 | 128.00 | 181.00 | NOTE | |
r-oldrel-macos-arm64 | 3.0.1 | 52.00 | NOTE | |||
r-oldrel-macos-x86_64 | 3.0.1 | 86.00 | NOTE | |||
r-oldrel-windows-ix86+x86_64 | 3.0.1 | 33.00 | 123.00 | 156.00 | NOTE |
Version: 3.0.1
Check: package dependencies
Result: NOTE
Package suggested but not available for checking: 'cplexAPI'
Flavors: r-devel-linux-x86_64-debian-clang, r-devel-linux-x86_64-debian-gcc, r-devel-linux-x86_64-fedora-clang, r-devel-linux-x86_64-fedora-gcc, r-devel-windows-x86_64, r-patched-linux-x86_64, r-release-linux-x86_64, r-release-macos-arm64, r-release-macos-x86_64, r-release-windows-x86_64, r-oldrel-macos-arm64, r-oldrel-macos-x86_64, r-oldrel-windows-ix86+x86_64
Version: 3.0.1
Check: HTML version of manual
Result: NOTE
Found the following math rendering problems:
sysBiolAlg_ccFBA-class.Rd:114-126: Undefined control sequence: \boldmath in ... & \mbox{\boldmath$c$\unboldmath}...
sysBiolAlg_ccFBA-class.Rd:132-135: Undefined control sequence: \boldmath in
\mbox{\boldmath$c$\unboldmath}...
Flavors: r-devel-linux-x86_64-debian-clang, r-devel-linux-x86_64-debian-gcc, r-devel-linux-x86_64-fedora-clang, r-devel-linux-x86_64-fedora-gcc, r-devel-windows-x86_64
Version: 3.0.1
Check: installed package size
Result: NOTE
installed size is 5.2Mb
sub-directories of 1Mb or more:
extdata 4.2Mb
Flavors: r-devel-linux-x86_64-fedora-clang, r-devel-windows-x86_64, r-release-macos-arm64, r-release-macos-x86_64, r-release-windows-x86_64, r-oldrel-macos-arm64, r-oldrel-macos-x86_64, r-oldrel-windows-ix86+x86_64
Version: 3.0.1
Check: data for non-ASCII characters
Result: NOTE
Note: found 1 marked UTF-8 string
Flavors: r-devel-linux-x86_64-fedora-clang, r-devel-linux-x86_64-fedora-gcc, r-release-macos-arm64, r-release-macos-x86_64, r-oldrel-macos-arm64, r-oldrel-macos-x86_64