Last updated on 2022-10-03 10:50:43 CEST.
Flavor | Version | Tinstall | Tcheck | Ttotal | Status | Flags |
---|---|---|---|---|---|---|
r-devel-linux-x86_64-debian-clang | 1.3-0 | 11.53 | 86.15 | 97.68 | NOTE | |
r-devel-linux-x86_64-debian-gcc | 1.3-0 | 8.97 | 65.37 | 74.34 | NOTE | |
r-devel-linux-x86_64-fedora-clang | 1.3-0 | 130.38 | NOTE | |||
r-devel-linux-x86_64-fedora-gcc | 1.3-0 | 125.24 | NOTE | |||
r-devel-windows-x86_64 | 1.3-0 | 16.00 | 110.00 | 126.00 | NOTE | |
r-patched-linux-x86_64 | 1.3-0 | 10.24 | 81.66 | 91.90 | OK | |
r-release-linux-x86_64 | 1.3-0 | 10.67 | 82.63 | 93.30 | OK | |
r-release-macos-arm64 | 1.3-0 | 35.00 | OK | |||
r-release-macos-x86_64 | 1.3-0 | 47.00 | OK | |||
r-release-windows-x86_64 | 1.3-0 | 18.00 | 109.00 | 127.00 | OK | |
r-oldrel-macos-arm64 | 1.3-0 | 52.00 | OK | |||
r-oldrel-macos-x86_64 | 1.3-0 | 75.00 | OK | |||
r-oldrel-windows-ix86+x86_64 | 1.3-0 | 23.00 | 105.00 | 128.00 | OK |
Version: 1.3-0
Check: HTML version of manual
Result: NOTE
Found the following math rendering problems:
mmeta.Rd:61-64: Invalid delimiter type 'ordgroup' in ...log \left( \Big{|}\sum_{i=1}^m \b...
Flavors: r-devel-linux-x86_64-debian-clang, r-devel-linux-x86_64-debian-gcc, r-devel-linux-x86_64-fedora-clang, r-devel-linux-x86_64-fedora-gcc, r-devel-windows-x86_64