Last updated on 2022-10-06 06:49:45 CEST.
Flavor | Version | Tinstall | Tcheck | Ttotal | Status | Flags |
---|---|---|---|---|---|---|
r-devel-linux-x86_64-debian-clang | 0.7-0 | 293.95 | 154.89 | 448.84 | WARN | |
r-devel-linux-x86_64-debian-gcc | 0.7-0 | 235.65 | 109.62 | 345.27 | NOTE | |
r-devel-linux-x86_64-fedora-clang | 0.7-0 | 457.75 | ERROR | |||
r-devel-linux-x86_64-fedora-gcc | 0.7-0 | 404.22 | ERROR | |||
r-devel-windows-x86_64 | 0.7-0 | 4650.00 | 242.00 | 4892.00 | NOTE | |
r-patched-linux-x86_64 | 0.7-0 | 257.56 | 132.09 | 389.65 | NOTE | |
r-release-linux-x86_64 | 0.7-0 | 266.30 | 131.53 | 397.83 | NOTE | |
r-release-macos-arm64 | 0.7-0 | 13.00 | ERROR | |||
r-release-macos-x86_64 | 0.7-0 | 17.00 | ERROR | |||
r-release-windows-x86_64 | 0.7-0 | 2218.00 | 230.00 | 2448.00 | NOTE |
Version: 0.7-0
Check: whether package can be installed
Result: WARN
Found the following significant warnings:
/tmp/Rtmpjk1CKF/R.INSTALL17b5422445297c/rlibkriging/src/libK/src/lib/NuggetKriging.cpp:859:39: warning: using integer absolute value function 'abs' when argument is of floating point type [-Wabsolute-value]
/tmp/Rtmpjk1CKF/R.INSTALL17b5422445297c/rlibkriging/src/libK/src/lib/NuggetKriging.cpp:860:39: warning: using integer absolute value function 'abs' when argument is of floating point type [-Wabsolute-value]
/tmp/Rtmpjk1CKF/R.INSTALL17b5422445297c/rlibkriging/src/libK/src/lib/NoiseKriging.cpp:539:40: warning: using integer absolute value function 'abs' when argument is of floating point type [-Wabsolute-value]
/tmp/Rtmpjk1CKF/R.INSTALL17b5422445297c/rlibkriging/src/libK/src/lib/NoiseKriging.cpp:540:40: warning: using integer absolute value function 'abs' when argument is of floating point type [-Wabsolute-value]
Flavor: r-devel-linux-x86_64-debian-clang
Version: 0.7-0
Check: for GNU extensions in Makefiles
Result: NOTE
GNU make is a SystemRequirements.
Flavors: r-devel-linux-x86_64-debian-clang, r-devel-linux-x86_64-debian-gcc, r-devel-windows-x86_64, r-patched-linux-x86_64, r-release-linux-x86_64, r-release-windows-x86_64
Version: 0.7-0
Check: whether package can be installed
Result: ERROR
Installation failed.
Flavors: r-devel-linux-x86_64-fedora-clang, r-devel-linux-x86_64-fedora-gcc, r-release-macos-arm64, r-release-macos-x86_64
Version: 0.7-0
Check: installed package size
Result: NOTE
installed size is 14.5Mb
sub-directories of 1Mb or more:
include 6.3Mb
lib 2.4Mb
libs 5.3Mb
Flavors: r-devel-windows-x86_64, r-release-windows-x86_64