Last updated on 2022-10-08 10:49:54 CEST.
Flavor | Version | Tinstall | Tcheck | Ttotal | Status | Flags |
---|---|---|---|---|---|---|
r-devel-linux-x86_64-debian-clang | 0.1.1 | 16.02 | 141.73 | 157.75 | OK | |
r-devel-linux-x86_64-debian-gcc | 0.1.1 | 13.10 | 106.94 | 120.04 | OK | |
r-devel-linux-x86_64-fedora-clang | 0.1.1 | 220.53 | NOTE | |||
r-devel-linux-x86_64-fedora-gcc | 0.1.1 | 197.50 | NOTE | |||
r-devel-windows-x86_64 | 0.1.1 | 32.00 | 168.00 | 200.00 | OK | |
r-patched-linux-x86_64 | 0.1.1 | 12.86 | 135.96 | 148.82 | OK | |
r-release-linux-x86_64 | 0.1.1 | 11.00 | 133.72 | 144.72 | OK | |
r-release-macos-arm64 | 0.1.1 | 64.00 | NOTE | |||
r-release-macos-x86_64 | 0.1.1 | 72.00 | NOTE | |||
r-release-windows-x86_64 | 0.1.1 | 51.00 | 158.00 | 209.00 | OK | |
r-oldrel-macos-arm64 | 0.1.1 | 59.00 | NOTE | |||
r-oldrel-macos-x86_64 | 0.1.1 | 68.00 | NOTE | |||
r-oldrel-windows-ix86+x86_64 | 0.1.1 | 37.00 | 159.00 | 196.00 | OK |
Version: 0.1.1
Check: dependencies in R code
Result: NOTE
Namespaces in Imports field not imported from:
‘DescTools’ ‘fda’ ‘tidyverse’
All declared Imports should be used.
Flavors: r-devel-linux-x86_64-fedora-clang, r-devel-linux-x86_64-fedora-gcc, r-release-macos-arm64, r-release-macos-x86_64, r-oldrel-macos-arm64, r-oldrel-macos-x86_64