Last updated on 2022-10-08 10:50:05 CEST.
Flavor | Version | Tinstall | Tcheck | Ttotal | Status | Flags |
---|---|---|---|---|---|---|
r-devel-linux-x86_64-debian-clang | 1.1.2 | 14.22 | 144.92 | 159.14 | NOTE | |
r-devel-linux-x86_64-debian-gcc | 1.1.2 | 15.14 | 109.16 | 124.30 | NOTE | |
r-devel-linux-x86_64-fedora-clang | 1.1.2 | 212.84 | NOTE | |||
r-devel-linux-x86_64-fedora-gcc | 1.1.2 | 204.76 | NOTE | |||
r-devel-windows-x86_64 | 1.1.2 | 40.00 | 167.00 | 207.00 | NOTE | |
r-patched-linux-x86_64 | 1.1.2 | 14.30 | 135.92 | 150.22 | OK | |
r-release-linux-x86_64 | 1.1.2 | 12.02 | 135.63 | 147.65 | OK | |
r-release-macos-arm64 | 1.1.2 | 50.00 | OK | |||
r-release-macos-x86_64 | 1.1.2 | 90.00 | OK | |||
r-release-windows-x86_64 | 1.1.2 | 28.00 | 166.00 | 194.00 | OK | |
r-oldrel-macos-arm64 | 1.1.2 | 62.00 | OK | |||
r-oldrel-macos-x86_64 | 1.1.2 | 87.00 | OK | |||
r-oldrel-windows-ix86+x86_64 | 1.1.2 | 37.00 | 159.00 | 196.00 | OK |
Version: 1.1.2
Check: package subdirectories
Result: NOTE
Problems with news in 'NEWS.md':
No news entries found.
Flavors: r-devel-linux-x86_64-debian-clang, r-devel-linux-x86_64-debian-gcc, r-devel-linux-x86_64-fedora-clang, r-devel-linux-x86_64-fedora-gcc, r-devel-windows-x86_64