Last updated on 2022-10-10 06:53:02 CEST.
Flavor | Version | Tinstall | Tcheck | Ttotal | Status | Flags |
---|---|---|---|---|---|---|
r-devel-linux-x86_64-debian-clang | 1.0.4 | 65.00 | 28.00 | 93.00 | WARN | |
r-devel-linux-x86_64-debian-gcc | 1.0.4 | 47.38 | 21.77 | 69.15 | OK | |
r-devel-linux-x86_64-fedora-clang | 1.0.4 | 140.19 | WARN | |||
r-devel-linux-x86_64-fedora-gcc | 1.0.4 | 125.04 | OK | |||
r-devel-windows-x86_64 | 1.0.4 | 46.00 | 74.00 | 120.00 | OK | |
r-patched-linux-x86_64 | 1.0.4 | 54.58 | 27.24 | 81.82 | OK | |
r-release-linux-x86_64 | 1.0.4 | 58.15 | 26.70 | 84.85 | OK | |
r-release-macos-arm64 | 1.0.4 | 36.00 | NOTE | |||
r-release-macos-x86_64 | 1.0.4 | 49.00 | NOTE | |||
r-release-windows-x86_64 | 1.0.4 | 46.00 | 73.00 | 119.00 | OK | |
r-oldrel-macos-arm64 | 1.0.4 | 36.00 | NOTE | |||
r-oldrel-macos-x86_64 | 1.0.4 | 50.00 | NOTE | |||
r-oldrel-windows-ix86+x86_64 | 1.0.4 | 123.00 | 80.00 | 203.00 | OK |
Version: 1.0.4
Check: whether package can be installed
Result: WARN
Found the following significant warnings:
./FileFormat.h:32:19: warning: 'static' function 'InferFileFormat' declared in header file should be declared 'static inline' [-Wunneeded-internal-declaration]
./Alnout/../Database/../Alignment/ExtendAlign.h:10:15: warning: anonymous non-C-compatible type given name for linkage purposes by typedef declaration; add a tag name here [-Wnon-c-typedef-for-linkage]
Flavors: r-devel-linux-x86_64-debian-clang, r-devel-linux-x86_64-fedora-clang
Version: 1.0.4
Check: installed package size
Result: NOTE
installed size is 6.5Mb
sub-directories of 1Mb or more:
libs 6.4Mb
Flavors: r-release-macos-arm64, r-release-macos-x86_64, r-oldrel-macos-arm64, r-oldrel-macos-x86_64