Last updated on 2022-10-11 05:50:25 CEST.
Flavor | Version | Tinstall | Tcheck | Ttotal | Status | Flags |
---|---|---|---|---|---|---|
r-devel-linux-x86_64-debian-clang | 22.8.1.0.2 | 715.75 | 356.14 | 1071.89 | WARN | |
r-devel-linux-x86_64-debian-gcc | 22.8.1.0.2 | 566.01 | 275.64 | 841.65 | WARN | |
r-devel-linux-x86_64-fedora-clang | 22.8.1.0.2 | 1504.83 | WARN | |||
r-devel-linux-x86_64-fedora-gcc | 22.8.1.0.2 | 1440.73 | WARN | |||
r-devel-windows-x86_64 | 22.8.1.0.2 | 425.00 | 506.00 | 931.00 | NOTE | |
r-patched-linux-x86_64 | 22.8.1.0.2 | 607.06 | 349.48 | 956.54 | OK | |
r-release-linux-x86_64 | 22.8.1.0.2 | 627.82 | 356.34 | 984.16 | OK | |
r-release-macos-arm64 | 22.8.1.0.2 | 361.00 | NOTE | |||
r-release-macos-x86_64 | 22.8.1.0.2 | 498.00 | NOTE | |||
r-release-windows-x86_64 | 22.8.1.0.2 | 576.00 | 501.00 | 1077.00 | NOTE | |
r-oldrel-macos-arm64 | 22.8.1.0.2 | 355.00 | NOTE | |||
r-oldrel-macos-x86_64 | 22.8.1.0.2 | 496.00 | NOTE | |||
r-oldrel-windows-ix86+x86_64 | 22.8.1.0.2 | 1388.00 | 714.00 | 2102.00 | NOTE |
Version: 22.8.1.0.2
Check: whether package can be installed
Result: WARN
Found the following significant warnings:
/tmp/RtmpoCmb8z/R.INSTALL1dc04f5b51ee25/ToxicR/src/nlopt-src/src/util/stop.c:196:56: warning: incomplete format specifier [-Wformat]
Flavor: r-devel-linux-x86_64-debian-clang
Version: 22.8.1.0.2
Check: whether package can be installed
Result: WARN
Found the following significant warnings:
/home/hornik/tmp/scratch/RtmpcFkdLi/R.INSTALL2246b740f237ba/ToxicR/src/nlopt-src/src/util/stop.c:196:56: warning: spurious trailing '%' in format [-Wformat=]
Flavor: r-devel-linux-x86_64-debian-gcc
Version: 22.8.1.0.2
Check: whether package can be installed
Result: WARN
Found the following significant warnings:
/data/gannet/ripley/R/packages/tests-clang/ToxicR/src/nlopt-src/src/util/stop.c:196:56: warning: incomplete format specifier [-Wformat]
Flavor: r-devel-linux-x86_64-fedora-clang
Version: 22.8.1.0.2
Check: installed package size
Result: NOTE
installed size is 5.9Mb
sub-directories of 1Mb or more:
libs 4.7Mb
Flavors: r-devel-linux-x86_64-fedora-clang, r-devel-windows-x86_64, r-release-macos-arm64, r-release-macos-x86_64, r-release-windows-x86_64, r-oldrel-macos-arm64, r-oldrel-macos-x86_64, r-oldrel-windows-ix86+x86_64
Version: 22.8.1.0.2
Check: whether package can be installed
Result: WARN
Found the following significant warnings:
/data/gannet/ripley/R/packages/tests-devel/ToxicR/src/nlopt-src/src/util/stop.c:196:56: warning: spurious trailing '%' in format [-Wformat=]
Flavor: r-devel-linux-x86_64-fedora-gcc