Last updated on 2022-10-11 05:50:17 CEST.
Flavor | Version | Tinstall | Tcheck | Ttotal | Status | Flags |
---|---|---|---|---|---|---|
r-devel-linux-x86_64-debian-clang | 0.1.0 | 110.92 | 2.99 | 113.91 | ERROR | |
r-devel-linux-x86_64-debian-gcc | 0.1.0 | 95.58 | 48.62 | 144.20 | OK | |
r-devel-linux-x86_64-fedora-clang | 0.1.0 | 197.50 | ERROR | |||
r-devel-linux-x86_64-fedora-gcc | 0.1.0 | 238.25 | OK | |||
r-devel-windows-x86_64 | 0.1.0 | 95.00 | 107.00 | 202.00 | OK | |
r-patched-linux-x86_64 | 0.1.0 | 99.03 | 61.23 | 160.26 | OK | |
r-release-linux-x86_64 | 0.1.0 | 97.14 | 62.25 | 159.39 | OK | |
r-release-macos-arm64 | 0.1.0 | 42.00 | ERROR | |||
r-release-macos-x86_64 | 0.1.0 | 54.00 | ERROR | |||
r-release-windows-x86_64 | 0.1.0 | 89.00 | 102.00 | 191.00 | OK | |
r-oldrel-macos-arm64 | 0.1.0 | 51.00 | ERROR | |||
r-oldrel-macos-x86_64 | 0.1.0 | 57.00 | ERROR | |||
r-oldrel-windows-ix86+x86_64 | 0.1.0 | 256.00 | 120.00 | 376.00 | OK |
Version: 0.1.0
Check: whether package can be installed
Result: ERROR
Installation failed.
Flavors: r-devel-linux-x86_64-debian-clang, r-devel-linux-x86_64-fedora-clang, r-release-macos-arm64, r-release-macos-x86_64, r-oldrel-macos-arm64, r-oldrel-macos-x86_64