Last updated on 2022-10-14 07:50:52 CEST.
Flavor | Version | Tinstall | Tcheck | Ttotal | Status | Flags |
---|---|---|---|---|---|---|
r-devel-linux-x86_64-debian-clang | 1.0.2 | 11.16 | 97.88 | 109.04 | ERROR | |
r-devel-linux-x86_64-debian-gcc | 1.0.2 | 10.22 | 74.36 | 84.58 | ERROR | |
r-devel-linux-x86_64-fedora-clang | 1.0.2 | 148.20 | ERROR | |||
r-devel-linux-x86_64-fedora-gcc | 1.0.2 | 137.23 | ERROR | |||
r-devel-windows-x86_64 | 1.0.2 | 478.00 | 159.00 | 637.00 | ERROR | |
r-patched-linux-x86_64 | 1.0.2 | 13.18 | 98.33 | 111.51 | NOTE | |
r-release-linux-x86_64 | 1.0.2 | 12.36 | 98.96 | 111.32 | NOTE | |
r-release-macos-arm64 | 1.0.2 | 50.00 | NOTE | |||
r-release-macos-x86_64 | 1.0.2 | 68.00 | NOTE | |||
r-release-windows-x86_64 | 1.0.2 | 568.00 | 160.00 | 728.00 | NOTE | |
r-oldrel-macos-arm64 | 1.0.2 | 71.00 | NOTE | |||
r-oldrel-macos-x86_64 | 1.0.2 | 112.00 | NOTE | |||
r-oldrel-windows-ix86+x86_64 | 1.0.2 | 25.00 | 147.00 | 172.00 | NOTE |
Version: 1.0.2
Check: package dependencies
Result: NOTE
Package which this enhances but not available for checking: 'SparkR'
Flavors: r-devel-linux-x86_64-debian-clang, r-devel-linux-x86_64-debian-gcc, r-devel-linux-x86_64-fedora-clang, r-devel-linux-x86_64-fedora-gcc, r-devel-windows-x86_64, r-patched-linux-x86_64, r-release-linux-x86_64, r-release-macos-arm64, r-release-macos-x86_64, r-release-windows-x86_64, r-oldrel-macos-x86_64
Version: 1.0.2
Check: LazyData
Result: NOTE
'LazyData' is specified without a 'data' directory
Flavors: r-devel-linux-x86_64-debian-clang, r-devel-linux-x86_64-debian-gcc, r-devel-linux-x86_64-fedora-clang, r-devel-linux-x86_64-fedora-gcc, r-devel-windows-x86_64, r-patched-linux-x86_64, r-release-linux-x86_64, r-release-macos-arm64, r-release-macos-x86_64, r-release-windows-x86_64, r-oldrel-macos-arm64, r-oldrel-macos-x86_64, r-oldrel-windows-ix86+x86_64
Version: 1.0.2
Check: re-building of vignette outputs
Result: ERROR
Error(s) in re-building vignettes:
...
--- re-building 'Analysis_pipelines_for_working_with_Python_functions.Rmd' using rmarkdown
--- finished re-building 'Analysis_pipelines_for_working_with_Python_functions.Rmd'
--- re-building 'Analysis_pipelines_for_working_with_R_dataframes.Rmd' using rmarkdown
Loading required package: magrittr
Loading required package: pipeR
Creating a new generic function for 'univarCatDistPlots' in the global environment
Creating a new generic function for 'outlierPlot' in the global environment
Creating a new generic function for 'multiVarOutlierPlot' in the global environment
Creating a new generic function for 'ignoreCols' in the global environment
Creating a new generic function for 'getFeaturesForPyClassification' in the global environment
Creating a new generic function for 'getTargetForPyClassification' in the global environment
Attaching package: 'analysisPipelines'
The following objects are masked _by_ '.GlobalEnv':
getFeaturesForPyClassification, getTargetForPyClassification,
ignoreCols, multiVarOutlierPlot, outlierPlot, univarCatDistPlots
Quitting from lines 149-151 (Analysis_pipelines_for_working_with_R_dataframes.Rmd)
Error: processing vignette 'Analysis_pipelines_for_working_with_R_dataframes.Rmd' failed with diagnostics:
--- failed re-building 'Analysis_pipelines_for_working_with_R_dataframes.Rmd'
--- re-building 'Analysis_pipelines_for_working_with_sparkR.Rmd' using rmarkdown
--- finished re-building 'Analysis_pipelines_for_working_with_sparkR.Rmd'
--- re-building 'Interoperable_Pipelines.Rmd' using rmarkdown
--- finished re-building 'Interoperable_Pipelines.Rmd'
--- re-building 'Meta_Pipelines.Rmd' using rmarkdown
Quitting from lines 62-72 (Meta_Pipelines.Rmd)
Error: processing vignette 'Meta_Pipelines.Rmd' failed with diagnostics:
--- failed re-building 'Meta_Pipelines.Rmd'
--- re-building 'Streaming_pipelines_for_working_Apache_Spark_Structured_Streaming.Rmd' using rmarkdown
--- finished re-building 'Streaming_pipelines_for_working_Apache_Spark_Structured_Streaming.Rmd'
--- re-building 'Using_pipelines_inside_shiny_widgets.Rmd' using rmarkdown
--- finished re-building 'Using_pipelines_inside_shiny_widgets.Rmd'
SUMMARY: processing the following files failed:
'Analysis_pipelines_for_working_with_R_dataframes.Rmd'
'Meta_Pipelines.Rmd'
Error: Vignette re-building failed.
Execution halted
Flavors: r-devel-linux-x86_64-debian-clang, r-devel-linux-x86_64-debian-gcc
Version: 1.0.2
Check: re-building of vignette outputs
Result: ERROR
Error(s) in re-building vignettes:
--- re-building ‘Analysis_pipelines_for_working_with_Python_functions.Rmd’ using rmarkdown
--- finished re-building ‘Analysis_pipelines_for_working_with_Python_functions.Rmd’
--- re-building ‘Analysis_pipelines_for_working_with_R_dataframes.Rmd’ using rmarkdown
Loading required package: magrittr
Loading required package: pipeR
Creating a new generic function for 'univarCatDistPlots' in the global environment
Creating a new generic function for 'outlierPlot' in the global environment
Creating a new generic function for 'multiVarOutlierPlot' in the global environment
Creating a new generic function for 'ignoreCols' in the global environment
Creating a new generic function for 'getFeaturesForPyClassification' in the global environment
Creating a new generic function for 'getTargetForPyClassification' in the global environment
Attaching package: 'analysisPipelines'
The following objects are masked _by_ '.GlobalEnv':
getFeaturesForPyClassification, getTargetForPyClassification,
ignoreCols, multiVarOutlierPlot, outlierPlot, univarCatDistPlots
Quitting from lines 149-151 (Analysis_pipelines_for_working_with_R_dataframes.Rmd)
Error: processing vignette 'Analysis_pipelines_for_working_with_R_dataframes.Rmd' failed with diagnostics:
--- failed re-building ‘Analysis_pipelines_for_working_with_R_dataframes.Rmd’
--- re-building ‘Analysis_pipelines_for_working_with_sparkR.Rmd’ using rmarkdown
--- finished re-building ‘Analysis_pipelines_for_working_with_sparkR.Rmd’
--- re-building ‘Interoperable_Pipelines.Rmd’ using rmarkdown
--- finished re-building ‘Interoperable_Pipelines.Rmd’
--- re-building ‘Meta_Pipelines.Rmd’ using rmarkdown
Quitting from lines 62-72 (Meta_Pipelines.Rmd)
Error: processing vignette 'Meta_Pipelines.Rmd' failed with diagnostics:
--- failed re-building ‘Meta_Pipelines.Rmd’
--- re-building ‘Streaming_pipelines_for_working_Apache_Spark_Structured_Streaming.Rmd’ using rmarkdown
--- finished re-building ‘Streaming_pipelines_for_working_Apache_Spark_Structured_Streaming.Rmd’
--- re-building ‘Using_pipelines_inside_shiny_widgets.Rmd’ using rmarkdown
--- finished re-building ‘Using_pipelines_inside_shiny_widgets.Rmd’
SUMMARY: processing the following files failed:
‘Analysis_pipelines_for_working_with_R_dataframes.Rmd’
‘Meta_Pipelines.Rmd’
Error: Vignette re-building failed.
Execution halted
Flavors: r-devel-linux-x86_64-fedora-clang, r-devel-linux-x86_64-fedora-gcc, r-devel-windows-x86_64