Last updated on 2022-10-17 07:50:56 CEST.
Flavor | Version | Tinstall | Tcheck | Ttotal | Status | Flags |
---|---|---|---|---|---|---|
r-devel-linux-x86_64-debian-clang | 0.1.0 | 19.11 | 119.79 | 138.90 | NOTE | |
r-devel-linux-x86_64-debian-gcc | 0.1.0 | 15.25 | 86.52 | 101.77 | NOTE | |
r-devel-linux-x86_64-fedora-clang | 0.1.0 | 188.64 | NOTE | |||
r-devel-linux-x86_64-fedora-gcc | 0.1.0 | 176.94 | NOTE | |||
r-devel-windows-x86_64 | 0.1.0 | 29.00 | 141.00 | 170.00 | NOTE | |
r-patched-linux-x86_64 | 0.1.0 | NOTE | ||||
r-release-linux-x86_64 | 0.1.0 | 13.38 | 110.71 | 124.09 | NOTE | |
r-release-macos-arm64 | 0.1.0 | 39.00 | NOTE | |||
r-release-macos-x86_64 | 0.1.0 | 74.00 | NOTE | |||
r-release-windows-x86_64 | 0.1.0 | 23.00 | 128.00 | 151.00 | NOTE | |
r-oldrel-macos-arm64 | 0.1.0 | 44.00 | NOTE | |||
r-oldrel-macos-x86_64 | 0.1.0 | 59.00 | NOTE | |||
r-oldrel-windows-ix86+x86_64 | 0.1.0 | 38.00 | 131.00 | 169.00 | NOTE |
Version: 0.1.0
Check: LazyData
Result: NOTE
'LazyData' is specified without a 'data' directory
Flavors: r-devel-linux-x86_64-debian-clang, r-devel-linux-x86_64-debian-gcc, r-devel-linux-x86_64-fedora-clang, r-devel-linux-x86_64-fedora-gcc, r-devel-windows-x86_64, r-patched-linux-x86_64, r-release-linux-x86_64, r-release-macos-arm64, r-release-macos-x86_64, r-release-windows-x86_64, r-oldrel-macos-arm64, r-oldrel-macos-x86_64, r-oldrel-windows-ix86+x86_64