Last updated on 2022-10-19 09:53:40 CEST.
Flavor | Version | Tinstall | Tcheck | Ttotal | Status | Flags |
---|---|---|---|---|---|---|
r-devel-linux-x86_64-debian-clang | 1.0.0 | 4.38 | 95.07 | 99.45 | NOTE | |
r-devel-linux-x86_64-debian-gcc | 1.0.0 | 4.09 | 72.41 | 76.50 | NOTE | |
r-devel-linux-x86_64-fedora-clang | 1.0.0 | 133.26 | NOTE | |||
r-devel-linux-x86_64-fedora-gcc | 1.0.0 | 130.48 | NOTE | |||
r-devel-windows-x86_64 | 1.0.0 | 11.00 | 148.00 | 159.00 | NOTE | |
r-patched-linux-x86_64 | 1.0.0 | NOTE | ||||
r-release-linux-x86_64 | 1.0.0 | 4.94 | 90.93 | 95.87 | NOTE | |
r-release-macos-arm64 | 1.0.0 | 121.00 | NOTE | |||
r-release-macos-x86_64 | 1.0.0 | 145.00 | NOTE | |||
r-release-windows-x86_64 | 1.0.0 | 14.00 | 143.00 | 157.00 | NOTE | |
r-oldrel-macos-arm64 | 1.0.0 | 173.00 | NOTE | |||
r-oldrel-macos-x86_64 | 1.0.0 | 149.00 | NOTE | |||
r-oldrel-windows-ix86+x86_64 | 1.0.0 | 13.00 | 146.00 | 159.00 | NOTE |
Version: 1.0.0
Check: LazyData
Result: NOTE
'LazyData' is specified without a 'data' directory
Flavors: r-devel-linux-x86_64-debian-clang, r-devel-linux-x86_64-debian-gcc, r-devel-linux-x86_64-fedora-clang, r-devel-linux-x86_64-fedora-gcc, r-devel-windows-x86_64, r-patched-linux-x86_64, r-release-linux-x86_64, r-release-macos-arm64, r-release-macos-x86_64, r-release-windows-x86_64, r-oldrel-macos-arm64, r-oldrel-macos-x86_64, r-oldrel-windows-ix86+x86_64
Version: 1.0.0
Check: dependencies in R code
Result: NOTE
Namespace in Imports field not imported from: ‘prettydoc’
All declared Imports should be used.
Flavors: r-devel-linux-x86_64-fedora-clang, r-devel-linux-x86_64-fedora-gcc, r-release-macos-arm64, r-release-macos-x86_64, r-oldrel-macos-arm64, r-oldrel-macos-x86_64