Last updated on 2022-10-23 19:52:08 CEST.
Flavor | Version | Tinstall | Tcheck | Ttotal | Status | Flags |
---|---|---|---|---|---|---|
r-devel-linux-x86_64-debian-clang | 0.2 | 11.96 | 94.49 | 106.45 | OK | |
r-devel-linux-x86_64-debian-gcc | 0.2 | 8.55 | 70.21 | 78.76 | OK | |
r-devel-linux-x86_64-fedora-clang | 0.2 | 142.73 | NOTE | |||
r-devel-linux-x86_64-fedora-gcc | 0.2 | 133.16 | NOTE | |||
r-devel-windows-x86_64 | 0.2 | 31.00 | 119.00 | 150.00 | OK | |
r-patched-linux-x86_64 | 0.2 | 9.63 | 87.10 | 96.73 | OK | |
r-release-linux-x86_64 | 0.2 | 8.35 | 88.66 | 97.01 | OK | |
r-release-macos-arm64 | 0.2 | 39.00 | NOTE | |||
r-release-macos-x86_64 | 0.2 | 63.00 | NOTE | |||
r-release-windows-x86_64 | 0.2 | 32.00 | 112.00 | 144.00 | OK | |
r-oldrel-macos-arm64 | 0.2 | 44.00 | NOTE | |||
r-oldrel-macos-x86_64 | 0.2 | 74.00 | NOTE | |||
r-oldrel-windows-ix86+x86_64 | 0.2 | 27.00 | 112.00 | 139.00 | OK |
Version: 0.2
Check: dependencies in R code
Result: NOTE
Namespaces in Imports field not imported from:
‘locfit’ ‘secr’
All declared Imports should be used.
Flavors: r-devel-linux-x86_64-fedora-clang, r-devel-linux-x86_64-fedora-gcc, r-release-macos-arm64, r-release-macos-x86_64, r-oldrel-macos-arm64, r-oldrel-macos-x86_64