Last updated on 2022-10-23 19:52:06 CEST.
Flavor | Version | Tinstall | Tcheck | Ttotal | Status | Flags |
---|---|---|---|---|---|---|
r-devel-linux-x86_64-debian-clang | 0.1.0 | 18.97 | 142.21 | 161.18 | OK | |
r-devel-linux-x86_64-debian-gcc | 0.1.0 | 12.47 | 105.19 | 117.66 | OK | |
r-devel-linux-x86_64-fedora-clang | 0.1.0 | 208.98 | NOTE | |||
r-devel-linux-x86_64-fedora-gcc | 0.1.0 | 194.85 | NOTE | |||
r-devel-windows-x86_64 | 0.1.0 | 26.00 | 162.00 | 188.00 | OK | |
r-patched-linux-x86_64 | 0.1.0 | 18.49 | 131.83 | 150.32 | OK | |
r-release-linux-x86_64 | 0.1.0 | 15.64 | 128.97 | 144.61 | OK | |
r-release-macos-arm64 | 0.1.0 | 62.00 | NOTE | |||
r-release-macos-x86_64 | 0.1.0 | 74.00 | NOTE | |||
r-release-windows-x86_64 | 0.1.0 | 28.00 | 157.00 | 185.00 | OK | |
r-oldrel-macos-arm64 | 0.1.0 | 51.00 | NOTE | |||
r-oldrel-macos-x86_64 | 0.1.0 | 73.00 | NOTE | |||
r-oldrel-windows-ix86+x86_64 | 0.1.0 | 36.00 | 157.00 | 193.00 | OK |
Version: 0.1.0
Check: dependencies in R code
Result: NOTE
Namespaces in Imports field not imported from:
‘Hmisc’ ‘broom’ ‘tibble’ ‘usethis’
All declared Imports should be used.
Flavors: r-devel-linux-x86_64-fedora-clang, r-devel-linux-x86_64-fedora-gcc, r-release-macos-arm64, r-release-macos-x86_64, r-oldrel-macos-arm64, r-oldrel-macos-x86_64