Last updated on 2022-10-24 05:49:19 CEST.
Flavor | Version | Tinstall | Tcheck | Ttotal | Status | Flags |
---|---|---|---|---|---|---|
r-devel-linux-x86_64-debian-clang | 0.94.8 | 288.10 | 112.54 | 400.64 | WARN | |
r-devel-linux-x86_64-debian-gcc | 0.94.8 | 294.06 | 85.17 | 379.23 | OK | |
r-devel-linux-x86_64-fedora-clang | 0.94.8 | 584.27 | WARN | |||
r-devel-linux-x86_64-fedora-gcc | 0.94.8 | 664.76 | OK | |||
r-devel-windows-x86_64 | 0.94.8 | 231.00 | 174.00 | 405.00 | OK | |
r-patched-linux-x86_64 | 0.94.8 | 311.22 | 104.24 | 415.46 | OK | |
r-release-linux-x86_64 | 0.94.8 | 320.01 | 104.68 | 424.69 | OK | |
r-release-macos-arm64 | 0.94.8 | 170.00 | NOTE | |||
r-release-macos-x86_64 | 0.94.8 | 194.00 | NOTE | |||
r-release-windows-x86_64 | 0.94.8 | 234.00 | 174.00 | 408.00 | OK | |
r-oldrel-macos-arm64 | 0.94.8 | 174.00 | NOTE | |||
r-oldrel-macos-x86_64 | 0.94.8 | 185.00 | NOTE | |||
r-oldrel-windows-ix86+x86_64 | 0.94.8 | 762.00 | 184.00 | 946.00 | OK |
Version: 0.94.8
Check: whether package can be installed
Result: WARN
Found the following significant warnings:
/home/hornik/tmp/R.check/r-devel-clang/Work/build/Packages/rtkore/projects/Algebra/include/STK_ILeastSquare.h:97:39: warning: returning reference to local temporary object [-Wreturn-stack-address]
Flavor: r-devel-linux-x86_64-debian-clang
Version: 0.94.8
Check: whether package can be installed
Result: WARN
Found the following significant warnings:
/data/gannet/ripley/R/test-clang/rtkore/projects/Algebra/include/STK_ILeastSquare.h:97:39: warning: returning reference to local temporary object [-Wreturn-stack-address]
Flavor: r-devel-linux-x86_64-fedora-clang
Version: 0.94.8
Check: installed package size
Result: NOTE
installed size is 16.0Mb
sub-directories of 1Mb or more:
libs 15.4Mb
Flavors: r-release-macos-arm64, r-release-macos-x86_64, r-oldrel-macos-arm64, r-oldrel-macos-x86_64