Last updated on 2022-10-30 07:55:21 CET.
Flavor | Version | Tinstall | Tcheck | Ttotal | Status | Flags |
---|---|---|---|---|---|---|
r-devel-linux-x86_64-debian-clang | 0.2.6 | ERROR | ||||
r-devel-linux-x86_64-debian-gcc | 0.2.6 | 0.98 | 2.23 | 3.21 | ERROR | |
r-devel-linux-x86_64-fedora-clang | 0.2.6 | 13.70 | ERROR | |||
r-devel-linux-x86_64-fedora-gcc | 0.2.6 | 13.56 | ERROR | |||
r-devel-windows-x86_64 | 0.2.6 | 79.00 | 587.00 | 666.00 | NOTE | |
r-patched-linux-x86_64 | 0.2.6 | 1.25 | 3.19 | 4.44 | ERROR | |
r-release-linux-x86_64 | 0.2.6 | 1.39 | 2.97 | 4.36 | ERROR | |
r-release-macos-arm64 | 0.2.6 | 161.00 | NOTE | |||
r-release-macos-x86_64 | 0.2.6 | 247.00 | NOTE | |||
r-release-windows-x86_64 | 0.2.6 | 79.00 | 610.00 | 689.00 | NOTE | |
r-oldrel-macos-arm64 | 0.2.6 | 151.00 | NOTE | |||
r-oldrel-macos-x86_64 | 0.2.6 | 244.00 | NOTE | |||
r-oldrel-windows-ix86+x86_64 | 0.2.6 | 114.00 | 754.00 | 868.00 | NOTE |
Version: 0.2.6
Check: package dependencies
Result: ERROR
Package required but not available: 'harmony'
See section 'The DESCRIPTION file' in the 'Writing R Extensions'
manual.
Flavors: r-devel-linux-x86_64-debian-clang, r-devel-linux-x86_64-debian-gcc, r-devel-linux-x86_64-fedora-gcc, r-patched-linux-x86_64, r-release-linux-x86_64
Version: 0.2.6
Check: package dependencies
Result: ERROR
Package required but not available: ‘harmony’
Imports includes 26 non-default packages.
Importing from so many packages makes the package vulnerable to any of
them becoming unavailable. Move as many as possible to Suggests and
use conditionally.
See section ‘The DESCRIPTION file’ in the ‘Writing R Extensions’
manual.
Flavor: r-devel-linux-x86_64-fedora-clang
Version: 0.2.6
Check: installed package size
Result: NOTE
installed size is 10.6Mb
sub-directories of 1Mb or more:
data 2.1Mb
doc 6.6Mb
libs 1.1Mb
Flavors: r-devel-windows-x86_64, r-release-macos-arm64, r-release-macos-x86_64, r-release-windows-x86_64, r-oldrel-macos-arm64, r-oldrel-macos-x86_64, r-oldrel-windows-ix86+x86_64
Version: 0.2.6
Check: package dependencies
Result: NOTE
Package suggested but not available for checking: ‘slingshot’
Flavors: r-release-macos-arm64, r-release-macos-x86_64, r-oldrel-macos-arm64, r-oldrel-macos-x86_64