Last updated on 2022-10-30 07:55:25 CET.
Flavor | Version | Tinstall | Tcheck | Ttotal | Status | Flags |
---|---|---|---|---|---|---|
r-devel-linux-x86_64-debian-clang | 0.1.0 | ERROR | ||||
r-devel-linux-x86_64-debian-gcc | 0.1.0 | 0.67 | 2.25 | 2.92 | ERROR | |
r-devel-linux-x86_64-fedora-clang | 0.1.0 | 13.36 | ERROR | |||
r-devel-linux-x86_64-fedora-gcc | 0.1.0 | 13.45 | ERROR | |||
r-devel-windows-x86_64 | 0.1.0 | 69.00 | 156.00 | 225.00 | ERROR | |
r-patched-linux-x86_64 | 0.1.0 | 0.79 | 2.95 | 3.74 | ERROR | |
r-release-linux-x86_64 | 0.1.0 | 0.66 | 2.95 | 3.61 | ERROR | |
r-release-macos-arm64 | 0.1.0 | 71.00 | OK | |||
r-release-macos-x86_64 | 0.1.0 | 118.00 | OK | |||
r-release-windows-x86_64 | 0.1.0 | 305.00 | 158.00 | 463.00 | ERROR | |
r-oldrel-macos-arm64 | 0.1.0 | 96.00 | OK | |||
r-oldrel-macos-x86_64 | 0.1.0 | 92.00 | OK | |||
r-oldrel-windows-ix86+x86_64 | 0.1.0 | 146.00 | 174.00 | 320.00 | WARN |
Version: 0.1.0
Check: package dependencies
Result: ERROR
Package required but not available: 'harmony'
See section 'The DESCRIPTION file' in the 'Writing R Extensions'
manual.
Flavors: r-devel-linux-x86_64-debian-clang, r-devel-linux-x86_64-debian-gcc, r-devel-linux-x86_64-fedora-clang, r-devel-linux-x86_64-fedora-gcc, r-patched-linux-x86_64, r-release-linux-x86_64
Version: 0.1.0
Check: re-building of vignette outputs
Result: ERROR
Error(s) in re-building vignettes:
--- re-building 'quickstart_tutorial.Rmd' using rmarkdown
0% 10 20 30 40 50 60 70 80 90 100%
[----|----|----|----|----|----|----|----|----|----|
**************************************************|
Quitting from lines 144-155 (quickstart_tutorial.Rmd)
Error: processing vignette 'quickstart_tutorial.Rmd' failed with diagnostics:
element-wise pow(): incompatible matrix dimensions: 100x2 and 2x1
--- failed re-building 'quickstart_tutorial.Rmd'
SUMMARY: processing the following file failed:
'quickstart_tutorial.Rmd'
Error: Vignette re-building failed.
Execution halted
Flavors: r-devel-windows-x86_64, r-release-windows-x86_64
Version: 0.1.0
Check: re-building of vignette outputs
Result: WARN
Error(s) in re-building vignettes:
--- re-building 'quickstart_tutorial.Rmd' using rmarkdown
0% 10 20 30 40 50 60 70 80 90 100%
[----|----|----|----|----|----|----|----|----|----|
**************************************************|
Quitting from lines 144-155 (quickstart_tutorial.Rmd)
Error: processing vignette 'quickstart_tutorial.Rmd' failed with diagnostics:
element-wise pow(): incompatible matrix dimensions: 100x2 and 2x1
--- failed re-building 'quickstart_tutorial.Rmd'
SUMMARY: processing the following file failed:
'quickstart_tutorial.Rmd'
Error: Vignette re-building failed.
Execution halted
Flavor: r-oldrel-windows-ix86+x86_64