Last updated on 2022-11-01 07:51:53 CET.
Flavor | Version | Tinstall | Tcheck | Ttotal | Status | Flags |
---|---|---|---|---|---|---|
r-devel-linux-x86_64-debian-clang | 1.0.1 | OK | ||||
r-devel-linux-x86_64-debian-gcc | 1.0.1 | 2.14 | 43.11 | 45.25 | OK | |
r-devel-linux-x86_64-fedora-clang | 1.0.1 | 82.76 | OK | |||
r-devel-linux-x86_64-fedora-gcc | 1.0.1 | 77.96 | OK | |||
r-devel-windows-x86_64 | 1.0.1 | 47.00 | 99.00 | 146.00 | OK | |
r-patched-linux-x86_64 | 1.0.1 | 3.39 | 52.17 | 55.56 | OK | |
r-release-linux-x86_64 | 1.0.1 | 2.15 | 52.15 | 54.30 | OK | |
r-release-macos-arm64 | 1.0.1 | 56.00 | OK | |||
r-release-macos-x86_64 | 1.0.1 | 65.00 | OK | |||
r-release-windows-x86_64 | 1.0.1 | 47.00 | 95.00 | 142.00 | OK | |
r-oldrel-macos-arm64 | 1.0.1 | 60.00 | OK | |||
r-oldrel-macos-x86_64 | 1.0.1 | 81.00 | OK | |||
r-oldrel-windows-ix86+x86_64 | 1.0.1 | 7.00 | 82.00 | 89.00 | WARN |
Version: 1.0.1
Check: re-building of vignette outputs
Result: WARN
Error(s) in re-building vignettes:
--- re-building 'frictionless.Rmd' using rmarkdown
Quitting from lines 36-37 (frictionless.Rmd)
Error: processing vignette 'frictionless.Rmd' failed with diagnostics:
cannot open the connection
--- failed re-building 'frictionless.Rmd'
SUMMARY: processing the following file failed:
'frictionless.Rmd'
Error: Vignette re-building failed.
Execution halted
Flavor: r-oldrel-windows-ix86+x86_64