Last updated on 2022-11-01 17:52:57 CET.
Flavor | Version | Tinstall | Tcheck | Ttotal | Status | Flags |
---|---|---|---|---|---|---|
r-devel-linux-x86_64-debian-clang | 1.1.0 | 6.31 | 67.47 | 73.78 | NOTE | |
r-devel-linux-x86_64-debian-gcc | 1.1.0 | 5.41 | 50.03 | 55.44 | NOTE | |
r-devel-linux-x86_64-fedora-clang | 1.1.0 | 102.12 | NOTE | |||
r-devel-linux-x86_64-fedora-gcc | 1.1.0 | 95.74 | NOTE | |||
r-devel-windows-x86_64 | 1.1.0 | 15.00 | 91.00 | 106.00 | NOTE | |
r-patched-linux-x86_64 | 1.1.0 | 5.71 | 63.14 | 68.85 | NOTE | |
r-release-linux-x86_64 | 1.1.0 | 5.66 | 62.39 | 68.05 | NOTE | |
r-release-macos-arm64 | 1.1.0 | 29.00 | NOTE | |||
r-release-macos-x86_64 | 1.1.0 | 51.00 | NOTE | |||
r-release-windows-x86_64 | 1.1.0 | 14.00 | 90.00 | 104.00 | NOTE | |
r-oldrel-macos-arm64 | 1.1.0 | 30.00 | NOTE | |||
r-oldrel-macos-x86_64 | 1.1.0 | 44.00 | NOTE | |||
r-oldrel-windows-ix86+x86_64 | 1.1.0 | 17.00 | 86.00 | 103.00 | NOTE |
Version: 1.1.0
Check: DESCRIPTION meta-information
Result: NOTE
Checking should be performed on sources prepared by 'R CMD build'.
Flavors: r-devel-linux-x86_64-debian-clang, r-devel-linux-x86_64-debian-gcc, r-devel-linux-x86_64-fedora-clang, r-devel-linux-x86_64-fedora-gcc, r-devel-windows-x86_64, r-patched-linux-x86_64, r-release-linux-x86_64, r-release-macos-arm64, r-release-macos-x86_64, r-release-windows-x86_64, r-oldrel-macos-arm64, r-oldrel-macos-x86_64, r-oldrel-windows-ix86+x86_64