Last updated on 2022-11-02 04:52:31 CET.
Flavor | Version | Tinstall | Tcheck | Ttotal | Status | Flags |
---|---|---|---|---|---|---|
r-devel-linux-x86_64-debian-clang | 0.12 | 80.74 | 250.75 | 331.49 | OK | |
r-devel-linux-x86_64-debian-gcc | 0.12 | 68.86 | 195.41 | 264.27 | OK | |
r-devel-linux-x86_64-fedora-clang | 0.12 | 449.76 | OK | |||
r-devel-linux-x86_64-fedora-gcc | 0.12 | 431.95 | OK | |||
r-devel-windows-x86_64 | 0.12 | 190.00 | 296.00 | 486.00 | OK | |
r-patched-linux-x86_64 | 0.12 | 65.84 | 254.94 | 320.78 | OK | |
r-release-linux-x86_64 | 0.12 | 72.64 | 255.55 | 328.19 | OK | |
r-release-macos-arm64 | 0.12 | 127.00 | NOTE | |||
r-release-macos-x86_64 | 0.12 | 151.00 | NOTE | |||
r-release-windows-x86_64 | 0.12 | 172.00 | 290.00 | 462.00 | OK | |
r-oldrel-macos-arm64 | 0.12 | 132.00 | NOTE | |||
r-oldrel-macos-x86_64 | 0.12 | 146.00 | NOTE |
Version: 0.12
Check: installed package size
Result: NOTE
installed size is 5.5Mb
sub-directories of 1Mb or more:
libs 4.4Mb
Flavors: r-release-macos-arm64, r-release-macos-x86_64, r-oldrel-macos-arm64, r-oldrel-macos-x86_64