Last updated on 2022-11-03 18:49:28 CET.
Flavor | Version | Tinstall | Tcheck | Ttotal | Status | Flags |
---|---|---|---|---|---|---|
r-devel-linux-x86_64-debian-clang | 0.1.1 | 18.18 | 151.80 | 169.98 | ERROR | |
r-devel-linux-x86_64-debian-gcc | 0.1.1 | 12.90 | 112.16 | 125.06 | ERROR | |
r-devel-linux-x86_64-fedora-clang | 0.1.1 | 216.08 | ERROR | |||
r-devel-linux-x86_64-fedora-gcc | 0.1.1 | 207.16 | ERROR | |||
r-devel-windows-x86_64 | 0.1.1 | 28.00 | 199.00 | 227.00 | ERROR | |
r-patched-linux-x86_64 | 0.1.1 | 16.71 | 141.29 | 158.00 | OK | |
r-release-linux-x86_64 | 0.1.1 | 13.80 | 138.16 | 151.96 | OK | |
r-release-macos-arm64 | 0.1.1 | 55.00 | OK | |||
r-release-macos-x86_64 | 0.1.1 | 79.00 | OK | |||
r-release-windows-x86_64 | 0.1.1 | 28.00 | 219.00 | 247.00 | OK | |
r-oldrel-macos-arm64 | 0.1.1 | 52.00 | OK | |||
r-oldrel-macos-x86_64 | 0.1.1 | 75.00 | OK | |||
r-oldrel-windows-ix86+x86_64 | 0.1.1 | 42.00 | 165.00 | 207.00 | OK |
Version: 0.1.1
Check: examples
Result: ERROR
Running examples in 'TrafficBDE-Ex.R' failed
The error most likely occurred in:
> base::assign(".ptime", proc.time(), pos = "CheckExEnv")
> ### Name: PreProcessingLink
> ### Title: PreProcessing second model
> ### Aliases: PreProcessingLink
>
> ### ** Examples
>
> SpecLink <- loadDataSpecLink("163204843","1", X163204843_1)
> x <- fillMissingValues(SpecLink)
> datetime <- "2017-01-27 14:00:00"
> newData <- fillMissingDates (x, datetime)
Error in seq.int(0, to0 - from, by) : 'to' must be a finite number
Calls: fillMissingDates -> seq.POSIXt
Execution halted
Flavors: r-devel-linux-x86_64-debian-clang, r-devel-linux-x86_64-debian-gcc
Version: 0.1.1
Check: examples
Result: ERROR
Running examples in ‘TrafficBDE-Ex.R’ failed
The error most likely occurred in:
> ### Name: PreProcessingLink
> ### Title: PreProcessing second model
> ### Aliases: PreProcessingLink
>
> ### ** Examples
>
> SpecLink <- loadDataSpecLink("163204843","1", X163204843_1)
> x <- fillMissingValues(SpecLink)
> datetime <- "2017-01-27 14:00:00"
> newData <- fillMissingDates (x, datetime)
Error in seq.int(0, to0 - from, by) : 'to' must be a finite number
Calls: fillMissingDates -> seq.POSIXt
Execution halted
Flavors: r-devel-linux-x86_64-fedora-clang, r-devel-linux-x86_64-fedora-gcc, r-devel-windows-x86_64