Last updated on 2022-11-09 19:53:21 CET.
Flavor | Version | Tinstall | Tcheck | Ttotal | Status | Flags |
---|---|---|---|---|---|---|
r-devel-linux-x86_64-debian-clang | 0.3.11 | 48.90 | 430.86 | 479.76 | NOTE | |
r-devel-linux-x86_64-debian-gcc | 0.3.11 | 38.64 | 313.75 | 352.39 | NOTE | |
r-devel-linux-x86_64-fedora-clang | 0.3.11 | 648.93 | NOTE | |||
r-devel-linux-x86_64-fedora-gcc | 0.3.11 | 587.76 | NOTE | |||
r-devel-windows-x86_64 | 0.3.11 | 341.00 | 503.00 | 844.00 | NOTE | |
r-patched-linux-x86_64 | 0.3.11 | 52.58 | 392.46 | 445.04 | NOTE | |
r-release-linux-x86_64 | 0.3.11 | 36.58 | 398.65 | 435.23 | NOTE | |
r-release-macos-arm64 | 0.3.11 | 99.00 | NOTE | |||
r-release-macos-x86_64 | 0.3.11 | 171.00 | NOTE | |||
r-release-windows-x86_64 | 0.3.11 | 215.00 | 460.00 | 675.00 | NOTE | |
r-oldrel-macos-arm64 | 0.3.11 | 95.00 | NOTE | |||
r-oldrel-macos-x86_64 | 0.3.11 | 169.00 | NOTE | |||
r-oldrel-windows-ix86+x86_64 | 0.3.11 | 102.00 | 445.00 | 547.00 | NOTE |
Version: 0.3.11
Check: package dependencies
Result: NOTE
Package suggested but not available for checking: 'fastshp'
Flavors: r-devel-linux-x86_64-debian-clang, r-devel-linux-x86_64-debian-gcc, r-devel-linux-x86_64-fedora-clang, r-devel-linux-x86_64-fedora-gcc, r-devel-windows-x86_64, r-patched-linux-x86_64, r-release-linux-x86_64, r-release-macos-arm64, r-release-macos-x86_64, r-release-windows-x86_64, r-oldrel-macos-arm64, r-oldrel-macos-x86_64, r-oldrel-windows-ix86+x86_64