Last updated on 2022-11-16 13:52:08 CET.
Flavor | Version | Tinstall | Tcheck | Ttotal | Status | Flags |
---|---|---|---|---|---|---|
r-devel-linux-x86_64-debian-clang | 0.4.0 | ERROR | ||||
r-devel-linux-x86_64-debian-gcc | 0.4.0 | 3.80 | 49.00 | 52.80 | ERROR | |
r-devel-linux-x86_64-fedora-clang | 0.4.0 | 96.44 | ERROR | |||
r-devel-linux-x86_64-fedora-gcc | 0.4.0 | 96.37 | ERROR | |||
r-devel-windows-x86_64 | 0.4.0 | 16.00 | 95.00 | 111.00 | ERROR | |
r-patched-linux-x86_64 | 0.4.0 | 4.80 | 62.60 | 67.40 | ERROR | |
r-release-linux-x86_64 | 0.4.0 | 4.39 | 62.42 | 66.81 | ERROR | |
r-release-macos-arm64 | 0.4.0 | 26.00 | OK | |||
r-release-macos-x86_64 | 0.4.0 | 40.00 | OK | |||
r-release-windows-x86_64 | 0.4.0 | 24.00 | 94.00 | 118.00 | ERROR | |
r-oldrel-macos-arm64 | 0.4.0 | 22.00 | OK | |||
r-oldrel-macos-x86_64 | 0.4.0 | 39.00 | OK | |||
r-oldrel-windows-ix86+x86_64 | 0.4.0 | 10.00 | 88.00 | 98.00 | ERROR |
Version: 0.4.0
Check: tests
Result: ERROR
Running 'spelling.R' [0s/1s]
Running 'testthat.R' [20s/24s]
Running the tests in 'tests/testthat.R' failed.
Complete output:
> library(testthat)
> library(era)
>
> test_check("era")
[ FAIL 1 | WARN 0 | SKIP 6 | PASS 117 ]
== Skipped tests ===============================================================
* On CRAN (6)
== Failed tests ================================================================
-- Failure ('test-examples.R:17'): this_year() is vectorised -------------------
this_year(c("CE", "BP", "AM")) (`actual`) not equal to list(year_now, year_now_bp, year_now_am) (`expected`).
`actual[[3]]`: "5783"
`expected[[3]]`: "5782"
[ FAIL 1 | WARN 0 | SKIP 6 | PASS 117 ]
Error: Test failures
Execution halted
Flavor: r-devel-linux-x86_64-debian-clang
Version: 0.4.0
Check: tests
Result: ERROR
Running ‘spelling.R’ [0s/1s]
Running ‘testthat.R’ [14s/22s]
Running the tests in ‘tests/testthat.R’ failed.
Complete output:
> library(testthat)
> library(era)
>
> test_check("era")
[ FAIL 1 | WARN 0 | SKIP 6 | PASS 117 ]
══ Skipped tests ═══════════════════════════════════════════════════════════════
• On CRAN (6)
══ Failed tests ════════════════════════════════════════════════════════════════
── Failure ('test-examples.R:17'): this_year() is vectorised ───────────────────
this_year(c("CE", "BP", "AM")) (`actual`) not equal to list(year_now, year_now_bp, year_now_am) (`expected`).
`actual[[3]]`: "5783"
`expected[[3]]`: "5782"
[ FAIL 1 | WARN 0 | SKIP 6 | PASS 117 ]
Error: Test failures
Execution halted
Flavor: r-devel-linux-x86_64-debian-gcc
Version: 0.4.0
Check: tests
Result: ERROR
Running ‘spelling.R’
Running ‘testthat.R’ [23s/32s]
Running the tests in ‘tests/testthat.R’ failed.
Complete output:
> library(testthat)
> library(era)
>
> test_check("era")
[ FAIL 1 | WARN 0 | SKIP 6 | PASS 117 ]
══ Skipped tests ═══════════════════════════════════════════════════════════════
• On CRAN (6)
══ Failed tests ════════════════════════════════════════════════════════════════
── Failure ('test-examples.R:17'): this_year() is vectorised ───────────────────
this_year(c("CE", "BP", "AM")) (`actual`) not equal to list(year_now, year_now_bp, year_now_am) (`expected`).
`actual[[3]]`: "5783"
`expected[[3]]`: "5782"
[ FAIL 1 | WARN 0 | SKIP 6 | PASS 117 ]
Error: Test failures
Execution halted
Flavor: r-devel-linux-x86_64-fedora-clang
Version: 0.4.0
Check: tests
Result: ERROR
Running ‘spelling.R’
Running ‘testthat.R’ [24s/33s]
Running the tests in ‘tests/testthat.R’ failed.
Complete output:
> library(testthat)
> library(era)
>
> test_check("era")
[ FAIL 1 | WARN 0 | SKIP 6 | PASS 117 ]
══ Skipped tests ═══════════════════════════════════════════════════════════════
• On CRAN (6)
══ Failed tests ════════════════════════════════════════════════════════════════
── Failure ('test-examples.R:17'): this_year() is vectorised ───────────────────
this_year(c("CE", "BP", "AM")) (`actual`) not equal to list(year_now, year_now_bp, year_now_am) (`expected`).
`actual[[3]]`: "5783"
`expected[[3]]`: "5782"
[ FAIL 1 | WARN 0 | SKIP 6 | PASS 117 ]
Error: Test failures
Execution halted
Flavor: r-devel-linux-x86_64-fedora-gcc
Version: 0.4.0
Check: tests
Result: ERROR
Running 'spelling.R' [0s]
Running 'testthat.R' [18s]
Running the tests in 'tests/testthat.R' failed.
Complete output:
> library(testthat)
> library(era)
>
> test_check("era")
[ FAIL 1 | WARN 0 | SKIP 6 | PASS 117 ]
══ Skipped tests ═══════════════════════════════════════════════════════════════
• On CRAN (6)
══ Failed tests ════════════════════════════════════════════════════════════════
── Failure ('test-examples.R:17'): this_year() is vectorised ───────────────────
this_year(c("CE", "BP", "AM")) (`actual`) not equal to list(year_now, year_now_bp, year_now_am) (`expected`).
`actual[[3]]`: "5783"
`expected[[3]]`: "5782"
[ FAIL 1 | WARN 0 | SKIP 6 | PASS 117 ]
Error: Test failures
Execution halted
Flavor: r-devel-windows-x86_64
Version: 0.4.0
Check: tests
Result: ERROR
Running ‘spelling.R’ [0s/1s]
Running ‘testthat.R’ [19s/22s]
Running the tests in ‘tests/testthat.R’ failed.
Complete output:
> library(testthat)
> library(era)
>
> test_check("era")
[ FAIL 1 | WARN 0 | SKIP 6 | PASS 117 ]
══ Skipped tests ═══════════════════════════════════════════════════════════════
• On CRAN (6)
══ Failed tests ════════════════════════════════════════════════════════════════
── Failure ('test-examples.R:17'): this_year() is vectorised ───────────────────
this_year(c("CE", "BP", "AM")) (`actual`) not equal to list(year_now, year_now_bp, year_now_am) (`expected`).
`actual[[3]]`: "5783"
`expected[[3]]`: "5782"
[ FAIL 1 | WARN 0 | SKIP 6 | PASS 117 ]
Error: Test failures
Execution halted
Flavors: r-patched-linux-x86_64, r-release-linux-x86_64
Version: 0.4.0
Check: tests
Result: ERROR
Running 'spelling.R' [0s]
Running 'testthat.R' [17s]
Running the tests in 'tests/testthat.R' failed.
Complete output:
> library(testthat)
> library(era)
>
> test_check("era")
[ FAIL 1 | WARN 0 | SKIP 6 | PASS 117 ]
══ Skipped tests ═══════════════════════════════════════════════════════════════
• On CRAN (6)
══ Failed tests ════════════════════════════════════════════════════════════════
── Failure ('test-examples.R:17'): this_year() is vectorised ───────────────────
this_year(c("CE", "BP", "AM")) (`actual`) not equal to list(year_now, year_now_bp, year_now_am) (`expected`).
`actual[[3]]`: "5783"
`expected[[3]]`: "5782"
[ FAIL 1 | WARN 0 | SKIP 6 | PASS 117 ]
Error: Test failures
Execution halted
Flavor: r-release-windows-x86_64
Version: 0.4.0
Check: tests
Result: ERROR
Running 'spelling.R' [0s]
Running 'testthat.R' [20s]
Running the tests in 'tests/testthat.R' failed.
Complete output:
> library(testthat)
> library(era)
>
> test_check("era")
[ FAIL 1 | WARN 0 | SKIP 6 | PASS 117 ]
== Skipped tests ===============================================================
* On CRAN (6)
== Failed tests ================================================================
-- Failure ('test-examples.R:17'): this_year() is vectorised -------------------
this_year(c("CE", "BP", "AM")) (`actual`) not equal to list(year_now, year_now_bp, year_now_am) (`expected`).
`actual[[3]]`: "5783"
`expected[[3]]`: "5782"
[ FAIL 1 | WARN 0 | SKIP 6 | PASS 117 ]
Error: Test failures
Execution halted
Flavor: r-oldrel-windows-ix86+x86_64