Last updated on 2022-11-20 17:49:31 CET.
Flavor | Version | Tinstall | Tcheck | Ttotal | Status | Flags |
---|---|---|---|---|---|---|
r-devel-linux-x86_64-debian-clang | 1.3 | 110.35 | 42.32 | 152.67 | WARN | |
r-devel-linux-x86_64-debian-gcc | 1.3 | 85.53 | 32.53 | 118.06 | OK | |
r-devel-linux-x86_64-fedora-clang | 1.3 | 246.09 | WARN | |||
r-devel-linux-x86_64-fedora-gcc | 1.3 | 207.52 | OK | |||
r-devel-windows-x86_64 | 1.3 | 126.00 | 93.00 | 219.00 | OK | |
r-patched-linux-x86_64 | 1.3 | 85.08 | 39.63 | 124.71 | OK | |
r-release-linux-x86_64 | 1.3 | 90.48 | 39.81 | 130.29 | OK | |
r-release-macos-arm64 | 1.3 | 48.00 | OK | |||
r-release-macos-x86_64 | 1.3 | 65.00 | OK | |||
r-release-windows-x86_64 | 1.3 | 149.00 | 91.00 | 240.00 | OK | |
r-oldrel-macos-arm64 | 1.3 | 58.00 | OK | |||
r-oldrel-macos-x86_64 | 1.3 | 97.00 | OK | |||
r-oldrel-windows-ix86+x86_64 | 1.3 | 272.00 | 89.00 | 361.00 | OK |
Version: 1.3
Check: whether package can be installed
Result: WARN
Found the following significant warnings:
get_latents.cpp:216:17: warning: use of bitwise '&' with boolean operands [-Wbitwise-instead-of-logical]
Flavors: r-devel-linux-x86_64-debian-clang, r-devel-linux-x86_64-fedora-clang