Last updated on 2022-11-20 17:49:38 CET.
Flavor | Version | Tinstall | Tcheck | Ttotal | Status | Flags |
---|---|---|---|---|---|---|
r-devel-linux-x86_64-debian-clang | 1.2.3 | 5.44 | 60.65 | 66.09 | NOTE | |
r-devel-linux-x86_64-debian-gcc | 1.2.3 | 4.47 | 44.47 | 48.94 | NOTE | |
r-devel-linux-x86_64-fedora-clang | 1.2.3 | 93.64 | NOTE | |||
r-devel-linux-x86_64-fedora-gcc | 1.2.3 | 101.19 | NOTE | |||
r-devel-windows-x86_64 | 1.2.3 | 62.00 | 97.00 | 159.00 | NOTE | |
r-patched-linux-x86_64 | 1.2.3 | 6.06 | 54.60 | 60.66 | NOTE | |
r-release-linux-x86_64 | 1.2.3 | 5.31 | 62.66 | 67.97 | NOTE | |
r-release-macos-arm64 | 1.2.3 | 30.00 | NOTE | |||
r-release-macos-x86_64 | 1.2.3 | 52.00 | NOTE | |||
r-release-windows-x86_64 | 1.2.3 | 47.00 | 106.00 | 153.00 | NOTE | |
r-oldrel-macos-arm64 | 1.2.3 | 35.00 | NOTE | |||
r-oldrel-macos-x86_64 | 1.2.3 | 43.00 | NOTE | |||
r-oldrel-windows-ix86+x86_64 | 1.2.3 | 17.00 | 85.00 | 102.00 | NOTE |
Version: 1.2.3
Check: DESCRIPTION meta-information
Result: NOTE
BugReports field should be the URL of a single webpage
Flavors: r-devel-linux-x86_64-debian-clang, r-devel-linux-x86_64-debian-gcc, r-devel-linux-x86_64-fedora-clang, r-devel-linux-x86_64-fedora-gcc, r-devel-windows-x86_64, r-patched-linux-x86_64, r-release-linux-x86_64, r-release-macos-arm64, r-release-macos-x86_64, r-release-windows-x86_64, r-oldrel-macos-arm64, r-oldrel-macos-x86_64, r-oldrel-windows-ix86+x86_64