Last updated on 2022-11-20 17:49:41 CET.
Flavor | Version | Tinstall | Tcheck | Ttotal | Status | Flags |
---|---|---|---|---|---|---|
r-devel-linux-x86_64-debian-clang | 0.2 | 2.05 | 23.09 | 25.14 | NOTE | |
r-devel-linux-x86_64-debian-gcc | 0.2 | 1.81 | 18.64 | 20.45 | NOTE | |
r-devel-linux-x86_64-fedora-clang | 0.2 | 42.73 | NOTE | |||
r-devel-linux-x86_64-fedora-gcc | 0.2 | 41.55 | NOTE | |||
r-devel-windows-x86_64 | 0.2 | 5.00 | 58.00 | 63.00 | NOTE | |
r-patched-linux-x86_64 | 0.2 | 2.30 | 22.48 | 24.78 | NOTE | |
r-release-linux-x86_64 | 0.2 | 1.68 | 23.30 | 24.98 | NOTE | |
r-release-macos-arm64 | 0.2 | 16.00 | NOTE | |||
r-release-macos-x86_64 | 0.2 | 20.00 | NOTE | |||
r-release-windows-x86_64 | 0.2 | 9.00 | 57.00 | 66.00 | NOTE | |
r-oldrel-macos-arm64 | 0.2 | 22.00 | NOTE | |||
r-oldrel-macos-x86_64 | 0.2 | 28.00 | NOTE | |||
r-oldrel-windows-ix86+x86_64 | 0.2 | 6.00 | 45.00 | 51.00 | NOTE |
Version: 0.2
Check: DESCRIPTION meta-information
Result: NOTE
BugReports field is not a suitable URL but contains an email address:
use the Contact field instead
Flavors: r-devel-linux-x86_64-debian-clang, r-devel-linux-x86_64-debian-gcc, r-devel-linux-x86_64-fedora-clang, r-devel-linux-x86_64-fedora-gcc, r-devel-windows-x86_64, r-patched-linux-x86_64, r-release-linux-x86_64, r-release-macos-arm64, r-release-macos-x86_64, r-release-windows-x86_64, r-oldrel-macos-arm64, r-oldrel-macos-x86_64, r-oldrel-windows-ix86+x86_64