Last updated on 2022-11-21 07:52:01 CET.
Flavor | Version | Tinstall | Tcheck | Ttotal | Status | Flags |
---|---|---|---|---|---|---|
r-devel-linux-x86_64-debian-clang | 1.1.7 | 4.10 | 24.43 | 28.53 | WARN | |
r-devel-linux-x86_64-debian-gcc | 1.1.7 | 3.35 | 19.37 | 22.72 | WARN | |
r-devel-linux-x86_64-fedora-clang | 1.1.7 | 47.06 | WARN | |||
r-devel-linux-x86_64-fedora-gcc | 1.1.7 | 46.66 | WARN | |||
r-devel-windows-x86_64 | 1.1.7 | 13.00 | 49.00 | 62.00 | OK | |
r-patched-linux-x86_64 | 1.1.7 | 4.25 | 23.27 | 27.52 | OK | |
r-release-linux-x86_64 | 1.1.7 | 3.71 | 23.51 | 27.22 | OK | |
r-release-macos-arm64 | 1.1.7 | 16.00 | OK | |||
r-release-macos-x86_64 | 1.1.7 | 21.00 | OK | |||
r-release-windows-x86_64 | 1.1.7 | 10.00 | 43.00 | 53.00 | OK | |
r-oldrel-macos-arm64 | 1.1.7 | 22.00 | OK | |||
r-oldrel-macos-x86_64 | 1.1.7 | 30.00 | OK | |||
r-oldrel-windows-ix86+x86_64 | 1.1.7 | 10.00 | 30.00 | 40.00 | OK |
Version: 1.1.7
Check: whether package can be installed
Result: WARN
Found the following significant warnings:
d011ch.c:41:12: warning: a function declaration without a prototype is deprecated in all versions of C [-Wstrict-prototypes]
d011ch.c:42:11: warning: a function declaration without a prototype is deprecated in all versions of C [-Wstrict-prototypes]
d011ch.c:44:19: warning: a function declaration without a prototype is deprecated in all versions of C [-Wstrict-prototypes]
d011ch.c:44:33: warning: a function declaration without a prototype is deprecated in all versions of C [-Wstrict-prototypes]
d011ch.c:45:17: warning: a function declaration without a prototype is deprecated in all versions of C [-Wstrict-prototypes]
d011ch.c:45:28: warning: a function declaration without a prototype is deprecated in all versions of C [-Wstrict-prototypes]
d011ch.c:164:8: warning: passing arguments to 'wur' without a prototype is deprecated in all versions of C and is not supported in C2x [-Wdeprecated-non-prototype]
d011ch.c:172:32: warning: passing arguments to 'ma' without a prototype is deprecated in all versions of C and is not supported in C2x [-Wdeprecated-non-prototype]
d011ch.c:182:10: warning: passing arguments to 'wur' without a prototype is deprecated in all versions of C and is not supported in C2x [-Wdeprecated-non-prototype]
d011ch.c:192:13: warning: passing arguments to 'ma' without a prototype is deprecated in all versions of C and is not supported in C2x [-Wdeprecated-non-prototype]
d011ch.c:258:18: warning: passing arguments to 'selfbeforeT' without a prototype is deprecated in all versions of C and is not supported in C2x [-Wdeprecated-non-prototype]
d011ch.c:265:17: warning: passing arguments to 'selfafterT' without a prototype is deprecated in all versions of C and is not supported in C2x [-Wdeprecated-non-prototype]
d011ch.c:275:18: warning: passing arguments to 'selfbeforeT' without a prototype is deprecated in all versions of C and is not supported in C2x [-Wdeprecated-non-prototype]
d011ch.c:276:17: warning: passing arguments to 'selfafterT' without a prototype is deprecated in all versions of C and is not supported in C2x [-Wdeprecated-non-prototype]
d011ch.c:306:21: warning: passing arguments to 'loglik1' without a prototype is deprecated in all versions of C and is not supported in C2x [-Wdeprecated-non-prototype]
d011ch.c:307:21: warning: passing arguments to 'loglik2' without a prototype is deprecated in all versions of C and is not supported in C2x [-Wdeprecated-non-prototype]
d011ch.c:17:6: warning: a function definition without a prototype is deprecated in all versions of C and is not supported in C2x [-Wdeprecated-non-prototype]
d011ch.c:352:8: warning: a function definition without a prototype is deprecated in all versions of C and is not supported in C2x [-Wdeprecated-non-prototype]
d011ch.c:427:8: warning: a function definition without a prototype is deprecated in all versions of C and is not supported in C2x [-Wdeprecated-non-prototype]
d011ch.c:531:12: warning: a function declaration without a prototype is deprecated in all versions of C [-Wstrict-prototypes]
d011ch.c:637:16: warning: passing arguments to 'ma' without a prototype is deprecated in all versions of C and is not supported in C2x [-Wdeprecated-non-prototype]
d011ch.c:520:6: warning: a function definition without a prototype is deprecated in all versions of C and is not supported in C2x [-Wdeprecated-non-prototype]
d011ch.c:698:12: warning: a function declaration without a prototype is deprecated in all versions of C [-Wstrict-prototypes]
d011ch.c:818:20: warning: passing arguments to 'ma' without a prototype is deprecated in all versions of C and is not supported in C2x [-Wdeprecated-non-prototype]
d011ch.c:686:6: warning: a function definition without a prototype is deprecated in all versions of C and is not supported in C2x [-Wdeprecated-non-prototype]
ma.c:7:8: warning: a function definition without a prototype is deprecated in all versions of C and is not supported in C2x [-Wdeprecated-non-prototype]
urnew010.c:36:15: warning: a function declaration without a prototype is deprecated in all versions of C [-Wstrict-prototypes]
urnew010.c:37:14: warning: a function declaration without a prototype is deprecated in all versions of C [-Wstrict-prototypes]
urnew010.c:137:10: warning: passing arguments to 'wur' without a prototype is deprecated in all versions of C and is not supported in C2x [-Wdeprecated-non-prototype]
urnew010.c:143:34: warning: passing arguments to 'ma' without a prototype is deprecated in all versions of C and is not supported in C2x [-Wdeprecated-non-prototype]
urnew010.c:153:15: warning: passing arguments to 'wur' without a prototype is deprecated in all versions of C and is not supported in C2x [-Wdeprecated-non-prototype]
urnew010.c:163:15: warning: passing arguments to 'ma' without a prototype is deprecated in all versions of C and is not supported in C2x [-Wdeprecated-non-prototype]
urnew010.c:17:6: warning: a function definition without a prototype is deprecated in all versions of C and is not supported in C2x [-Wdeprecated-non-prototype]
wur.c:23:6: warning: a function definition without a prototype is deprecated in all versions of C and is not supported in C2x [-Wdeprecated-non-prototype]
Flavors: r-devel-linux-x86_64-debian-clang, r-devel-linux-x86_64-fedora-clang
Version: 1.1.7
Check: whether package can be installed
Result: WARN
Found the following significant warnings:
d011ch.c:17:6: warning: function declaration isn’t a prototype [-Wstrict-prototypes]
d011ch.c:41:3: warning: function declaration isn’t a prototype [-Wstrict-prototypes]
d011ch.c:42:3: warning: function declaration isn’t a prototype [-Wstrict-prototypes]
d011ch.c:44:3: warning: function declaration isn’t a prototype [-Wstrict-prototypes]
d011ch.c:45:3: warning: function declaration isn’t a prototype [-Wstrict-prototypes]
d011ch.c:352:8: warning: function declaration isn’t a prototype [-Wstrict-prototypes]
d011ch.c:427:8: warning: function declaration isn’t a prototype [-Wstrict-prototypes]
d011ch.c:520:6: warning: function declaration isn’t a prototype [-Wstrict-prototypes]
d011ch.c:531:3: warning: function declaration isn’t a prototype [-Wstrict-prototypes]
d011ch.c:686:6: warning: function declaration isn’t a prototype [-Wstrict-prototypes]
d011ch.c:698:3: warning: function declaration isn’t a prototype [-Wstrict-prototypes]
ma.c:7:8: warning: function declaration isn’t a prototype [-Wstrict-prototypes]
urnew010.c:17:6: warning: function declaration isn’t a prototype [-Wstrict-prototypes]
urnew010.c:36:6: warning: function declaration isn’t a prototype [-Wstrict-prototypes]
urnew010.c:37:6: warning: function declaration isn’t a prototype [-Wstrict-prototypes]
wur.c:23:6: warning: function declaration isn’t a prototype [-Wstrict-prototypes]
Flavors: r-devel-linux-x86_64-debian-gcc, r-devel-linux-x86_64-fedora-gcc
Version: 1.1.7
Check: compiled code
Result: NOTE
File ‘dblcens/libs/dblcens.so’:
Found no calls to: ‘R_registerRoutines’, ‘R_useDynamicSymbols’
It is good practice to register native routines and to disable symbol
search.
See ‘Writing portable packages’ in the ‘Writing R Extensions’ manual.
Flavors: r-devel-linux-x86_64-fedora-clang, r-devel-linux-x86_64-fedora-gcc