Last updated on 2022-11-23 07:54:14 CET.
Flavor | Version | Tinstall | Tcheck | Ttotal | Status | Flags |
---|---|---|---|---|---|---|
r-devel-linux-x86_64-debian-clang | 2.7.5 | 71.56 | 170.07 | 241.63 | WARN | |
r-devel-linux-x86_64-debian-gcc | 2.7.5 | 57.54 | 124.30 | 181.84 | WARN | |
r-devel-linux-x86_64-fedora-clang | 2.7.5 | 332.94 | WARN | |||
r-devel-linux-x86_64-fedora-gcc | 2.7.5 | 301.64 | WARN | |||
r-devel-windows-x86_64 | 2.7.5 | 253.00 | 251.00 | 504.00 | NOTE | |
r-patched-linux-x86_64 | 2.7.5 | 59.58 | 158.09 | 217.67 | NOTE | |
r-release-linux-x86_64 | 2.7.5 | 66.28 | 157.09 | 223.37 | NOTE | |
r-release-macos-arm64 | 2.7.5 | 79.00 | NOTE | |||
r-release-macos-x86_64 | 2.7.5 | 101.00 | NOTE | |||
r-release-windows-x86_64 | 2.7.5 | 282.00 | 256.00 | 538.00 | NOTE | |
r-oldrel-macos-arm64 | 2.7.5 | 95.00 | NOTE | |||
r-oldrel-macos-x86_64 | 2.7.5 | 158.00 | NOTE | |||
r-oldrel-windows-ix86+x86_64 | 2.7.5 | 219.00 | 212.00 | 431.00 | NOTE |
Version: 2.7.5
Check: package dependencies
Result: NOTE
Packages suggested but not available for checking:
'BASIX', 'WhopGenome', 'BlockFeST'
Flavors: r-devel-linux-x86_64-debian-clang, r-devel-linux-x86_64-debian-gcc, r-devel-linux-x86_64-fedora-clang, r-devel-linux-x86_64-fedora-gcc, r-patched-linux-x86_64, r-release-linux-x86_64
Version: 2.7.5
Check: whether package can be installed
Result: WARN
Found the following significant warnings:
tabix/bedidx.c:20:1: warning: a function declaration without a prototype is deprecated in all versions of C [-Wstrict-prototypes]
tabix/bgzf.c:50:1: warning: a function declaration without a prototype is deprecated in all versions of C [-Wstrict-prototypes]
tabix/bgzf.c:138:28: warning: a function declaration without a prototype is deprecated in all versions of C [-Wstrict-prototypes]
tabix/bam_endian.h:6:36: warning: a function declaration without a prototype is deprecated in all versions of C [-Wstrict-prototypes]
tabix/index.c:49:1: warning: a function declaration without a prototype is deprecated in all versions of C [-Wstrict-prototypes]
tabix/index.c:50:1: warning: a function declaration without a prototype is deprecated in all versions of C [-Wstrict-prototypes]
tabix/index.c:808:24: warning: a function declaration without a prototype is deprecated in all versions of C [-Wstrict-prototypes]
Flavors: r-devel-linux-x86_64-debian-clang, r-devel-linux-x86_64-fedora-clang
Version: 2.7.5
Check: Rd files
Result: NOTE
checkRd: (-1) BayeScanR.Rd:7: Escaped LaTeX specials: \&
checkRd: (-1) MKT-methods.Rd:8: Escaped LaTeX specials: \&
Flavors: r-devel-linux-x86_64-debian-clang, r-devel-linux-x86_64-debian-gcc, r-devel-linux-x86_64-fedora-clang, r-devel-linux-x86_64-fedora-gcc, r-devel-windows-x86_64
Version: 2.7.5
Check: whether package can be installed
Result: WARN
Found the following significant warnings:
tabix/khash.h:129:38: warning: function declaration isn’t a prototype [-Wstrict-prototypes]
tabix/bgzf.c:138:14: warning: function declaration isn’t a prototype [-Wstrict-prototypes]
tabix/bgzf.c:279:17: warning: overflow in conversion from ‘int’ to ‘bgzf_byte_t’ {aka ‘signed char’} changes value from ‘139’ to ‘-117’ [-Woverflow]
tabix/bgzf.c:287:17: warning: overflow in conversion from ‘int’ to ‘bgzf_byte_t’ {aka ‘signed char’} changes value from ‘255’ to ‘-1’ [-Woverflow]
tabix/bam_endian.h:6:19: warning: function declaration isn’t a prototype [-Wstrict-prototypes]
tabix/index.c:351:42: warning: overflow in conversion from ‘uint32_t’ {aka ‘unsigned int’} to ‘int32_t’ {aka ‘int’} changes value from ‘last_bin = 4294967295’ to ‘-1’ [-Woverflow]
Flavors: r-devel-linux-x86_64-debian-gcc, r-devel-linux-x86_64-fedora-gcc
Version: 2.7.5
Check: package dependencies
Result: NOTE
Package suggested but not available for checking: 'WhopGenome'
Flavors: r-devel-windows-x86_64, r-release-macos-arm64, r-release-macos-x86_64, r-release-windows-x86_64, r-oldrel-macos-arm64, r-oldrel-macos-x86_64
Version: 2.7.5
Check: installed package size
Result: NOTE
installed size is 5.3Mb
sub-directories of 1Mb or more:
R 1.6Mb
doc 1.1Mb
libs 2.3Mb
Flavor: r-oldrel-windows-ix86+x86_64