Last updated on 2022-11-23 07:54:13 CET.
Flavor | Version | Tinstall | Tcheck | Ttotal | Status | Flags |
---|---|---|---|---|---|---|
r-devel-linux-x86_64-debian-clang | 0.9.5 | 4.65 | 205.63 | 210.28 | OK | |
r-devel-linux-x86_64-debian-gcc | 0.9.5 | 3.86 | 155.00 | 158.86 | OK | |
r-devel-linux-x86_64-fedora-clang | 0.9.5 | 266.03 | NOTE | |||
r-devel-linux-x86_64-fedora-gcc | 0.9.5 | 277.04 | NOTE | |||
r-devel-windows-x86_64 | 0.9.5 | 53.00 | 305.00 | 358.00 | NOTE | |
r-patched-linux-x86_64 | 0.9.5 | 3.72 | 194.27 | 197.99 | OK | |
r-release-linux-x86_64 | 0.9.5 | 4.77 | 177.30 | 182.07 | OK | |
r-release-macos-arm64 | 0.9.5 | 134.00 | NOTE | |||
r-release-macos-x86_64 | 0.9.5 | 146.00 | NOTE | |||
r-release-windows-x86_64 | 0.9.3 | 53.00 | 422.00 | 475.00 | NOTE | |
r-oldrel-macos-arm64 | 0.9.5 | 137.00 | NOTE | |||
r-oldrel-macos-x86_64 | 0.9.5 | 167.00 | NOTE | |||
r-oldrel-windows-ix86+x86_64 | 0.9.5 | 10.00 | 313.00 | 323.00 | NOTE |
Version: 0.9.5
Check: installed package size
Result: NOTE
installed size is 10.4Mb
sub-directories of 1Mb or more:
doc 9.1Mb
Flavors: r-devel-linux-x86_64-fedora-clang, r-devel-windows-x86_64, r-release-macos-arm64, r-release-macos-x86_64, r-oldrel-macos-arm64, r-oldrel-macos-x86_64, r-oldrel-windows-ix86+x86_64
Version: 0.9.5
Check: data for non-ASCII characters
Result: NOTE
Note: found 11 marked UTF-8 strings
Flavors: r-devel-linux-x86_64-fedora-clang, r-devel-linux-x86_64-fedora-gcc, r-release-macos-arm64, r-release-macos-x86_64, r-oldrel-macos-arm64, r-oldrel-macos-x86_64
Version: 0.9.3
Check: installed package size
Result: NOTE
installed size is 8.8Mb
sub-directories of 1Mb or more:
doc 7.6Mb
Flavor: r-release-windows-x86_64