Last updated on 2022-11-25 07:54:17 CET.
Flavor | Version | Tinstall | Tcheck | Ttotal | Status | Flags |
---|---|---|---|---|---|---|
r-devel-linux-x86_64-debian-clang | 0.3.8 | 9.23 | 557.84 | 567.07 | ERROR | |
r-devel-linux-x86_64-debian-gcc | 0.3.8 | 7.50 | 457.98 | 465.48 | ERROR | |
r-devel-linux-x86_64-fedora-clang | 0.3.8 | 639.71 | ERROR | |||
r-devel-linux-x86_64-fedora-gcc | 0.3.8 | 599.30 | ERROR | |||
r-devel-windows-x86_64 | 0.3.8 | 32.00 | 646.00 | 678.00 | ERROR | |
r-patched-linux-x86_64 | 0.3.8 | ERROR | ||||
r-release-linux-x86_64 | 0.3.8 | 9.31 | 515.87 | 525.18 | ERROR | |
r-release-macos-arm64 | 0.3.8 | 230.00 | OK | |||
r-release-macos-x86_64 | 0.3.8 | 230.00 | OK | |||
r-release-windows-x86_64 | 0.3.8 | 25.00 | 646.00 | 671.00 | OK | |
r-oldrel-macos-arm64 | 0.3.8 | 206.00 | OK | |||
r-oldrel-macos-x86_64 | 0.3.8 | 228.00 | OK | |||
r-oldrel-windows-ix86+x86_64 | 0.3.8 | 17.00 | 285.00 | 302.00 | ERROR |
Version: 0.3.8
Check: tests
Result: ERROR
Running 'testthat.R' [403s/350s]
Running the tests in 'tests/testthat.R' failed.
Complete output:
> suppressPackageStartupMessages(library(testthat))
> suppressPackageStartupMessages(library(pulsar))
>
> testthat::test_check("pulsar")
[ FAIL 12 | WARN 1 | SKIP 0 | PASS 308 ]
== Failed tests ================================================================
-- Failure (???): pulsar w/ lambda path works for fun --------------------------
all(sapply(out$stars$merge, function(x) all(dim(x) == dim(G)))) is not TRUE
`actual`: FALSE
`expected`: TRUE
-- Failure (???): pulsar w/ lambda path works for fun --------------------------
all(sapply(out$stars$merge, function(x) all(dim(x) == ncol(dat$data)))) is not TRUE
`actual`: FALSE
`expected`: TRUE
-- Error (???): pulsar bounds are consistent -----------------------------------
Error in `(theta != 0) * (tmp != 0)`: non-conformable arrays
Backtrace:
x
1. \-huge::huge.roc(...)
-- Failure (???): pulsar w/ lambda path works for fun --------------------------
all(sapply(out$stars$merge, function(x) all(dim(x) == dim(G)))) is not TRUE
`actual`: FALSE
`expected`: TRUE
-- Failure (???): pulsar w/ lambda path works for fun --------------------------
all(sapply(out$stars$merge, function(x) all(dim(x) == ncol(dat$data)))) is not TRUE
`actual`: FALSE
`expected`: TRUE
-- Error (???): pulsar bounds are consistent -----------------------------------
Error in `(theta != 0) * (tmp != 0)`: non-conformable arrays
Backtrace:
x
1. \-huge::huge.roc(...)
-- Failure (???): pulsar w/ lambda path works for fun --------------------------
all(sapply(out$stars$merge, function(x) all(dim(x) == dim(G)))) is not TRUE
`actual`: FALSE
`expected`: TRUE
-- Failure (???): pulsar w/ lambda path works for fun --------------------------
all(sapply(out$stars$merge, function(x) all(dim(x) == ncol(dat$data)))) is not TRUE
`actual`: FALSE
`expected`: TRUE
-- Error (???): pulsar bounds are consistent -----------------------------------
Error in `(theta != 0) * (tmp != 0)`: non-conformable arrays
Backtrace:
x
1. \-huge::huge.roc(...)
-- Failure (???): pulsar w/ lambda path works for fun --------------------------
all(sapply(out$stars$merge, function(x) all(dim(x) == dim(G)))) is not TRUE
`actual`: FALSE
`expected`: TRUE
-- Failure (???): pulsar w/ lambda path works for fun --------------------------
all(sapply(out$stars$merge, function(x) all(dim(x) == ncol(dat$data)))) is not TRUE
`actual`: FALSE
`expected`: TRUE
-- Error (???): pulsar bounds are consistent -----------------------------------
Error in `(theta != 0) * (tmp != 0)`: non-conformable arrays
Backtrace:
x
1. \-huge::huge.roc(...)
[ FAIL 12 | WARN 1 | SKIP 0 | PASS 308 ]
Error: Test failures
Execution halted
Flavor: r-devel-linux-x86_64-debian-clang
Version: 0.3.8
Check: tests
Result: ERROR
Running ‘testthat.R’ [337s/511s]
Running the tests in ‘tests/testthat.R’ failed.
Complete output:
> suppressPackageStartupMessages(library(testthat))
> suppressPackageStartupMessages(library(pulsar))
>
> testthat::test_check("pulsar")
[ FAIL 12 | WARN 1 | SKIP 0 | PASS 308 ]
══ Failed tests ════════════════════════════════════════════════════════════════
── Failure (???): pulsar w/ lambda path works for fun ──────────────────────────
all(sapply(out$stars$merge, function(x) all(dim(x) == dim(G)))) is not TRUE
`actual`: FALSE
`expected`: TRUE
── Failure (???): pulsar w/ lambda path works for fun ──────────────────────────
all(sapply(out$stars$merge, function(x) all(dim(x) == ncol(dat$data)))) is not TRUE
`actual`: FALSE
`expected`: TRUE
── Error (???): pulsar bounds are consistent ───────────────────────────────────
Error in `(theta != 0) * (tmp != 0)`: non-conformable arrays
Backtrace:
▆
1. └─huge::huge.roc(...)
── Failure (???): pulsar w/ lambda path works for fun ──────────────────────────
all(sapply(out$stars$merge, function(x) all(dim(x) == dim(G)))) is not TRUE
`actual`: FALSE
`expected`: TRUE
── Failure (???): pulsar w/ lambda path works for fun ──────────────────────────
all(sapply(out$stars$merge, function(x) all(dim(x) == ncol(dat$data)))) is not TRUE
`actual`: FALSE
`expected`: TRUE
── Error (???): pulsar bounds are consistent ───────────────────────────────────
Error in `(theta != 0) * (tmp != 0)`: non-conformable arrays
Backtrace:
▆
1. └─huge::huge.roc(...)
── Failure (???): pulsar w/ lambda path works for fun ──────────────────────────
all(sapply(out$stars$merge, function(x) all(dim(x) == dim(G)))) is not TRUE
`actual`: FALSE
`expected`: TRUE
── Failure (???): pulsar w/ lambda path works for fun ──────────────────────────
all(sapply(out$stars$merge, function(x) all(dim(x) == ncol(dat$data)))) is not TRUE
`actual`: FALSE
`expected`: TRUE
── Error (???): pulsar bounds are consistent ───────────────────────────────────
Error in `(theta != 0) * (tmp != 0)`: non-conformable arrays
Backtrace:
▆
1. └─huge::huge.roc(...)
── Failure (???): pulsar w/ lambda path works for fun ──────────────────────────
all(sapply(out$stars$merge, function(x) all(dim(x) == dim(G)))) is not TRUE
`actual`: FALSE
`expected`: TRUE
── Failure (???): pulsar w/ lambda path works for fun ──────────────────────────
all(sapply(out$stars$merge, function(x) all(dim(x) == ncol(dat$data)))) is not TRUE
`actual`: FALSE
`expected`: TRUE
── Error (???): pulsar bounds are consistent ───────────────────────────────────
Error in `(theta != 0) * (tmp != 0)`: non-conformable arrays
Backtrace:
▆
1. └─huge::huge.roc(...)
[ FAIL 12 | WARN 1 | SKIP 0 | PASS 308 ]
Error: Test failures
Execution halted
Flavor: r-devel-linux-x86_64-debian-gcc
Version: 0.3.8
Check: tests
Result: ERROR
Running ‘testthat.R’ [431s/472s]
Running the tests in ‘tests/testthat.R’ failed.
Complete output:
> suppressPackageStartupMessages(library(testthat))
> suppressPackageStartupMessages(library(pulsar))
>
> testthat::test_check("pulsar")
OMP: Warning #96: Cannot form a team with 4 threads, using 2 instead.
OMP: Hint Consider unsetting KMP_DEVICE_THREAD_LIMIT (KMP_ALL_THREADS), KMP_TEAMS_THREAD_LIMIT, and OMP_THREAD_LIMIT (if any are set).
[ FAIL 12 | WARN 1 | SKIP 0 | PASS 308 ]
══ Failed tests ════════════════════════════════════════════════════════════════
── Failure (???): pulsar w/ lambda path works for fun ──────────────────────────
all(sapply(out$stars$merge, function(x) all(dim(x) == dim(G)))) is not TRUE
`actual`: FALSE
`expected`: TRUE
── Failure (???): pulsar w/ lambda path works for fun ──────────────────────────
all(sapply(out$stars$merge, function(x) all(dim(x) == ncol(dat$data)))) is not TRUE
`actual`: FALSE
`expected`: TRUE
── Error (???): pulsar bounds are consistent ───────────────────────────────────
Error in `(theta != 0) * (tmp != 0)`: non-conformable arrays
Backtrace:
▆
1. └─huge::huge.roc(...)
── Failure (???): pulsar w/ lambda path works for fun ──────────────────────────
all(sapply(out$stars$merge, function(x) all(dim(x) == dim(G)))) is not TRUE
`actual`: FALSE
`expected`: TRUE
── Failure (???): pulsar w/ lambda path works for fun ──────────────────────────
all(sapply(out$stars$merge, function(x) all(dim(x) == ncol(dat$data)))) is not TRUE
`actual`: FALSE
`expected`: TRUE
── Error (???): pulsar bounds are consistent ───────────────────────────────────
Error in `(theta != 0) * (tmp != 0)`: non-conformable arrays
Backtrace:
▆
1. └─huge::huge.roc(...)
── Failure (???): pulsar w/ lambda path works for fun ──────────────────────────
all(sapply(out$stars$merge, function(x) all(dim(x) == dim(G)))) is not TRUE
`actual`: FALSE
`expected`: TRUE
── Failure (???): pulsar w/ lambda path works for fun ──────────────────────────
all(sapply(out$stars$merge, function(x) all(dim(x) == ncol(dat$data)))) is not TRUE
`actual`: FALSE
`expected`: TRUE
── Error (???): pulsar bounds are consistent ───────────────────────────────────
Error in `(theta != 0) * (tmp != 0)`: non-conformable arrays
Backtrace:
▆
1. └─huge::huge.roc(...)
── Failure (???): pulsar w/ lambda path works for fun ──────────────────────────
all(sapply(out$stars$merge, function(x) all(dim(x) == dim(G)))) is not TRUE
`actual`: FALSE
`expected`: TRUE
── Failure (???): pulsar w/ lambda path works for fun ──────────────────────────
all(sapply(out$stars$merge, function(x) all(dim(x) == ncol(dat$data)))) is not TRUE
`actual`: FALSE
`expected`: TRUE
── Error (???): pulsar bounds are consistent ───────────────────────────────────
Error in `(theta != 0) * (tmp != 0)`: non-conformable arrays
Backtrace:
▆
1. └─huge::huge.roc(...)
[ FAIL 12 | WARN 1 | SKIP 0 | PASS 308 ]
Error: Test failures
Execution halted
Flavor: r-devel-linux-x86_64-fedora-clang
Version: 0.3.8
Check: tests
Result: ERROR
Running ‘testthat.R’ [395s/448s]
Running the tests in ‘tests/testthat.R’ failed.
Complete output:
> suppressPackageStartupMessages(library(testthat))
> suppressPackageStartupMessages(library(pulsar))
>
> testthat::test_check("pulsar")
[ FAIL 12 | WARN 1 | SKIP 0 | PASS 308 ]
══ Failed tests ════════════════════════════════════════════════════════════════
── Failure (???): pulsar w/ lambda path works for fun ──────────────────────────
all(sapply(out$stars$merge, function(x) all(dim(x) == dim(G)))) is not TRUE
`actual`: FALSE
`expected`: TRUE
── Failure (???): pulsar w/ lambda path works for fun ──────────────────────────
all(sapply(out$stars$merge, function(x) all(dim(x) == ncol(dat$data)))) is not TRUE
`actual`: FALSE
`expected`: TRUE
── Error (???): pulsar bounds are consistent ───────────────────────────────────
Error in `(theta != 0) * (tmp != 0)`: non-conformable arrays
Backtrace:
▆
1. └─huge::huge.roc(...)
── Failure (???): pulsar w/ lambda path works for fun ──────────────────────────
all(sapply(out$stars$merge, function(x) all(dim(x) == dim(G)))) is not TRUE
`actual`: FALSE
`expected`: TRUE
── Failure (???): pulsar w/ lambda path works for fun ──────────────────────────
all(sapply(out$stars$merge, function(x) all(dim(x) == ncol(dat$data)))) is not TRUE
`actual`: FALSE
`expected`: TRUE
── Error (???): pulsar bounds are consistent ───────────────────────────────────
Error in `(theta != 0) * (tmp != 0)`: non-conformable arrays
Backtrace:
▆
1. └─huge::huge.roc(...)
── Failure (???): pulsar w/ lambda path works for fun ──────────────────────────
all(sapply(out$stars$merge, function(x) all(dim(x) == dim(G)))) is not TRUE
`actual`: FALSE
`expected`: TRUE
── Failure (???): pulsar w/ lambda path works for fun ──────────────────────────
all(sapply(out$stars$merge, function(x) all(dim(x) == ncol(dat$data)))) is not TRUE
`actual`: FALSE
`expected`: TRUE
── Error (???): pulsar bounds are consistent ───────────────────────────────────
Error in `(theta != 0) * (tmp != 0)`: non-conformable arrays
Backtrace:
▆
1. └─huge::huge.roc(...)
── Failure (???): pulsar w/ lambda path works for fun ──────────────────────────
all(sapply(out$stars$merge, function(x) all(dim(x) == dim(G)))) is not TRUE
`actual`: FALSE
`expected`: TRUE
── Failure (???): pulsar w/ lambda path works for fun ──────────────────────────
all(sapply(out$stars$merge, function(x) all(dim(x) == ncol(dat$data)))) is not TRUE
`actual`: FALSE
`expected`: TRUE
── Error (???): pulsar bounds are consistent ───────────────────────────────────
Error in `(theta != 0) * (tmp != 0)`: non-conformable arrays
Backtrace:
▆
1. └─huge::huge.roc(...)
[ FAIL 12 | WARN 1 | SKIP 0 | PASS 308 ]
Error: Test failures
Execution halted
Flavor: r-devel-linux-x86_64-fedora-gcc
Version: 0.3.8
Check: tests
Result: ERROR
Running 'testthat.R' [449s]
Running the tests in 'tests/testthat.R' failed.
Complete output:
> suppressPackageStartupMessages(library(testthat))
> suppressPackageStartupMessages(library(pulsar))
>
> testthat::test_check("pulsar")
[ FAIL 12 | WARN 1 | SKIP 2 | PASS 300 ]
══ Skipped tests ═══════════════════════════════════════════════════════════════
• On Windows (2)
══ Failed tests ════════════════════════════════════════════════════════════════
── Failure (???): pulsar w/ lambda path works for fun ──────────────────────────
all(sapply(out$stars$merge, function(x) all(dim(x) == dim(G)))) is not TRUE
`actual`: FALSE
`expected`: TRUE
── Failure (???): pulsar w/ lambda path works for fun ──────────────────────────
all(sapply(out$stars$merge, function(x) all(dim(x) == ncol(dat$data)))) is not TRUE
`actual`: FALSE
`expected`: TRUE
── Error (???): pulsar bounds are consistent ───────────────────────────────────
Error in `(theta != 0) * (tmp != 0)`: non-conformable arrays
Backtrace:
▆
1. └─huge::huge.roc(...)
── Failure (???): pulsar w/ lambda path works for fun ──────────────────────────
all(sapply(out$stars$merge, function(x) all(dim(x) == dim(G)))) is not TRUE
`actual`: FALSE
`expected`: TRUE
── Failure (???): pulsar w/ lambda path works for fun ──────────────────────────
all(sapply(out$stars$merge, function(x) all(dim(x) == ncol(dat$data)))) is not TRUE
`actual`: FALSE
`expected`: TRUE
── Error (???): pulsar bounds are consistent ───────────────────────────────────
Error in `(theta != 0) * (tmp != 0)`: non-conformable arrays
Backtrace:
▆
1. └─huge::huge.roc(...)
── Failure (???): pulsar w/ lambda path works for fun ──────────────────────────
all(sapply(out$stars$merge, function(x) all(dim(x) == dim(G)))) is not TRUE
`actual`: FALSE
`expected`: TRUE
── Failure (???): pulsar w/ lambda path works for fun ──────────────────────────
all(sapply(out$stars$merge, function(x) all(dim(x) == ncol(dat$data)))) is not TRUE
`actual`: FALSE
`expected`: TRUE
── Error (???): pulsar bounds are consistent ───────────────────────────────────
Error in `(theta != 0) * (tmp != 0)`: non-conformable arrays
Backtrace:
▆
1. └─huge::huge.roc(...)
── Failure (???): pulsar w/ lambda path works for fun ──────────────────────────
all(sapply(out$stars$merge, function(x) all(dim(x) == dim(G)))) is not TRUE
`actual`: FALSE
`expected`: TRUE
── Failure (???): pulsar w/ lambda path works for fun ──────────────────────────
all(sapply(out$stars$merge, function(x) all(dim(x) == ncol(dat$data)))) is not TRUE
`actual`: FALSE
`expected`: TRUE
── Error (???): pulsar bounds are consistent ───────────────────────────────────
Error in `(theta != 0) * (tmp != 0)`: non-conformable arrays
Backtrace:
▆
1. └─huge::huge.roc(...)
[ FAIL 12 | WARN 1 | SKIP 2 | PASS 300 ]
Error: Test failures
Execution halted
Flavor: r-devel-windows-x86_64
Version: 0.3.8
Check: tests
Result: ERROR
Running ‘testthat.R’ [359s/397s]
Running the tests in ‘tests/testthat.R’ failed.
Complete output:
> suppressPackageStartupMessages(library(testthat))
> suppressPackageStartupMessages(library(pulsar))
>
> testthat::test_check("pulsar")
[ FAIL 12 | WARN 1 | SKIP 0 | PASS 308 ]
══ Failed tests ════════════════════════════════════════════════════════════════
── Failure (???): pulsar w/ lambda path works for fun ──────────────────────────
all(sapply(out$stars$merge, function(x) all(dim(x) == dim(G)))) is not TRUE
`actual`: FALSE
`expected`: TRUE
── Failure (???): pulsar w/ lambda path works for fun ──────────────────────────
all(sapply(out$stars$merge, function(x) all(dim(x) == ncol(dat$data)))) is not TRUE
`actual`: FALSE
`expected`: TRUE
── Error (???): pulsar bounds are consistent ───────────────────────────────────
Error in `(theta != 0) * (tmp != 0)`: non-conformable arrays
Backtrace:
▆
1. └─huge::huge.roc(...)
── Failure (???): pulsar w/ lambda path works for fun ──────────────────────────
all(sapply(out$stars$merge, function(x) all(dim(x) == dim(G)))) is not TRUE
`actual`: FALSE
`expected`: TRUE
── Failure (???): pulsar w/ lambda path works for fun ──────────────────────────
all(sapply(out$stars$merge, function(x) all(dim(x) == ncol(dat$data)))) is not TRUE
`actual`: FALSE
`expected`: TRUE
── Error (???): pulsar bounds are consistent ───────────────────────────────────
Error in `(theta != 0) * (tmp != 0)`: non-conformable arrays
Backtrace:
▆
1. └─huge::huge.roc(...)
── Failure (???): pulsar w/ lambda path works for fun ──────────────────────────
all(sapply(out$stars$merge, function(x) all(dim(x) == dim(G)))) is not TRUE
`actual`: FALSE
`expected`: TRUE
── Failure (???): pulsar w/ lambda path works for fun ──────────────────────────
all(sapply(out$stars$merge, function(x) all(dim(x) == ncol(dat$data)))) is not TRUE
`actual`: FALSE
`expected`: TRUE
── Error (???): pulsar bounds are consistent ───────────────────────────────────
Error in `(theta != 0) * (tmp != 0)`: non-conformable arrays
Backtrace:
▆
1. └─huge::huge.roc(...)
── Failure (???): pulsar w/ lambda path works for fun ──────────────────────────
all(sapply(out$stars$merge, function(x) all(dim(x) == dim(G)))) is not TRUE
`actual`: FALSE
`expected`: TRUE
── Failure (???): pulsar w/ lambda path works for fun ──────────────────────────
all(sapply(out$stars$merge, function(x) all(dim(x) == ncol(dat$data)))) is not TRUE
`actual`: FALSE
`expected`: TRUE
── Error (???): pulsar bounds are consistent ───────────────────────────────────
Error in `(theta != 0) * (tmp != 0)`: non-conformable arrays
Backtrace:
▆
1. └─huge::huge.roc(...)
[ FAIL 12 | WARN 1 | SKIP 0 | PASS 308 ]
Error: Test failures
Execution halted
Flavor: r-patched-linux-x86_64
Version: 0.3.8
Check: tests
Result: ERROR
Running ‘testthat.R’ [367s/412s]
Running the tests in ‘tests/testthat.R’ failed.
Complete output:
> suppressPackageStartupMessages(library(testthat))
> suppressPackageStartupMessages(library(pulsar))
>
> testthat::test_check("pulsar")
[ FAIL 12 | WARN 1 | SKIP 0 | PASS 308 ]
══ Failed tests ════════════════════════════════════════════════════════════════
── Failure (???): pulsar w/ lambda path works for fun ──────────────────────────
all(sapply(out$stars$merge, function(x) all(dim(x) == dim(G)))) is not TRUE
`actual`: FALSE
`expected`: TRUE
── Failure (???): pulsar w/ lambda path works for fun ──────────────────────────
all(sapply(out$stars$merge, function(x) all(dim(x) == ncol(dat$data)))) is not TRUE
`actual`: FALSE
`expected`: TRUE
── Error (???): pulsar bounds are consistent ───────────────────────────────────
Error in `(theta != 0) * (tmp != 0)`: non-conformable arrays
Backtrace:
▆
1. └─huge::huge.roc(...)
── Failure (???): pulsar w/ lambda path works for fun ──────────────────────────
all(sapply(out$stars$merge, function(x) all(dim(x) == dim(G)))) is not TRUE
`actual`: FALSE
`expected`: TRUE
── Failure (???): pulsar w/ lambda path works for fun ──────────────────────────
all(sapply(out$stars$merge, function(x) all(dim(x) == ncol(dat$data)))) is not TRUE
`actual`: FALSE
`expected`: TRUE
── Error (???): pulsar bounds are consistent ───────────────────────────────────
Error in `(theta != 0) * (tmp != 0)`: non-conformable arrays
Backtrace:
▆
1. └─huge::huge.roc(...)
── Failure (???): pulsar w/ lambda path works for fun ──────────────────────────
all(sapply(out$stars$merge, function(x) all(dim(x) == dim(G)))) is not TRUE
`actual`: FALSE
`expected`: TRUE
── Failure (???): pulsar w/ lambda path works for fun ──────────────────────────
all(sapply(out$stars$merge, function(x) all(dim(x) == ncol(dat$data)))) is not TRUE
`actual`: FALSE
`expected`: TRUE
── Error (???): pulsar bounds are consistent ───────────────────────────────────
Error in `(theta != 0) * (tmp != 0)`: non-conformable arrays
Backtrace:
▆
1. └─huge::huge.roc(...)
── Failure (???): pulsar w/ lambda path works for fun ──────────────────────────
all(sapply(out$stars$merge, function(x) all(dim(x) == dim(G)))) is not TRUE
`actual`: FALSE
`expected`: TRUE
── Failure (???): pulsar w/ lambda path works for fun ──────────────────────────
all(sapply(out$stars$merge, function(x) all(dim(x) == ncol(dat$data)))) is not TRUE
`actual`: FALSE
`expected`: TRUE
── Error (???): pulsar bounds are consistent ───────────────────────────────────
Error in `(theta != 0) * (tmp != 0)`: non-conformable arrays
Backtrace:
▆
1. └─huge::huge.roc(...)
[ FAIL 12 | WARN 1 | SKIP 0 | PASS 308 ]
Error: Test failures
Execution halted
Flavor: r-release-linux-x86_64
Version: 0.3.8
Check: tests
Result: ERROR
Running 'testthat.R' [90s]
Running the tests in 'tests/testthat.R' failed.
Complete output:
> suppressPackageStartupMessages(library(testthat))
> suppressPackageStartupMessages(library(pulsar))
>
> testthat::test_check("pulsar")
[ FAIL 2 | WARN 0 | SKIP 2 | PASS 76 ]
== Skipped tests ===============================================================
* On Windows (2)
== Failed tests ================================================================
-- Error (???): weird lambda path results in correct error or warning ----------
Error in `dims - 1L`: non-numeric argument to binary operator
Backtrace:
x
1. +-testthat::expect_warning(...)
2. | \-testthat:::quasi_capture(...)
3. | +-testthat (local) .capture(...)
4. | | \-base::withCallingHandlers(...)
5. | \-rlang::eval_bare(quo_get_expr(.quo), quo_get_env(.quo))
6. \-pulsar (local) pfun(dat$data, fun = fun, fargs = hargs, rep.num = 3, ...)
7. \-pulsar:::.try_mclapply(...)
8. +-base::withCallingHandlers(...)
9. \-parallel::mclapply(X, FUN, mc.cores = mc.cores, ...)
10. \-base::lapply(X, FUN, ...)
11. \-pulsar (local) FUN(X[[i]], ...)
12. +-base::do.call(fun, c(fargs, list(data[ind.sample, ])))
13. \-global `<fn>`(seed = 10010, lambda = `<dbl>`, `<dbl[,30]>`)
14. \-BigQuic::BigQuic(...)
15. \-Matrix::sparseMatrix(...)
-- Error ('test_pulsar.R:29'): (code run outside of `test_that()`) -------------
Error in `dims - 1L`: non-numeric argument to binary operator
Backtrace:
x
1. \-global runtests(...) at test_pulsar.R:29:0
2. \-pulsar (local) pfun(...)
3. \-pulsar:::.try_mclapply(...)
4. +-base::withCallingHandlers(...)
5. \-parallel::mclapply(X, FUN, mc.cores = mc.cores, ...)
6. \-base::lapply(X, FUN, ...)
7. \-pulsar (local) FUN(X[[i]], ...)
8. +-base::do.call(fun, c(fargs, list(data[ind.sample, ])))
9. \-global `<fn>`(seed = 10010, lambda = `<dbl>`, `<dbl[,30]>`)
10. \-BigQuic::BigQuic(...)
11. \-Matrix::sparseMatrix(...)
[ FAIL 2 | WARN 0 | SKIP 2 | PASS 76 ]
Error: Test failures
Execution halted
Flavor: r-oldrel-windows-ix86+x86_64