Last updated on 2022-11-30 07:54:23 CET.
Flavor | Version | Tinstall | Tcheck | Ttotal | Status | Flags |
---|---|---|---|---|---|---|
r-devel-linux-x86_64-debian-clang | 1.0.13 | 18.88 | 121.30 | 140.18 | OK | |
r-devel-linux-x86_64-debian-gcc | 1.0.13 | 14.87 | 94.84 | 109.71 | OK | |
r-devel-linux-x86_64-fedora-clang | 1.0.13 | 179.37 | WARN | |||
r-devel-linux-x86_64-fedora-gcc | 1.0.13 | 178.49 | WARN | |||
r-devel-windows-x86_64 | 1.0.13 | 96.00 | 193.00 | 289.00 | OK | |
r-patched-linux-x86_64 | 1.0.13 | 16.78 | 114.41 | 131.19 | OK | |
r-release-linux-x86_64 | 1.0.13 | 16.80 | 117.50 | 134.30 | OK | |
r-release-macos-arm64 | 1.0.13 | 50.00 | OK | |||
r-release-macos-x86_64 | 1.0.13 | 71.00 | OK | |||
r-release-windows-x86_64 | 1.0.13 | 96.00 | 177.00 | 273.00 | OK | |
r-oldrel-macos-arm64 | 1.0.13 | 49.00 | OK | |||
r-oldrel-macos-x86_64 | 1.0.13 | 73.00 | OK | |||
r-oldrel-windows-ix86+x86_64 | 1.0.13 | 38.00 | 185.00 | 223.00 | OK |
Version: 1.0.13
Check: re-building of vignette outputs
Result: WARN
Error(s) in re-building vignettes:
--- re-building ‘bnstruct.Rnw’ using knitr
Error: processing vignette 'bnstruct.Rnw' failed with diagnostics:
Running 'texi2dvi' on 'bnstruct.tex' failed.
LaTeX errors:
! Undefined control sequence.
l.211 \hldef
{}\hlkwb{cd\ }\hldef{bnstruct}\hspace*{\fill}\\
?
! Emergency stop.
! Emergency stop.
l.211
End of file on the terminal!
! ==> Fatal error occurred, no output PDF file produced!
--- failed re-building ‘bnstruct.Rnw’
SUMMARY: processing the following file failed:
‘bnstruct.Rnw’
Error: Vignette re-building failed.
Execution halted
Flavors: r-devel-linux-x86_64-fedora-clang, r-devel-linux-x86_64-fedora-gcc