Last updated on 2022-11-30 07:54:27 CET.
Flavor | Version | Tinstall | Tcheck | Ttotal | Status | Flags |
---|---|---|---|---|---|---|
r-devel-linux-x86_64-debian-clang | 0.2-9 | 43.89 | 340.85 | 384.74 | OK | |
r-devel-linux-x86_64-debian-gcc | 0.2-9 | 33.92 | 239.78 | 273.70 | OK | |
r-devel-linux-x86_64-fedora-clang | 0.2-9 | 475.07 | NOTE | |||
r-devel-linux-x86_64-fedora-gcc | 0.2-9 | 493.23 | OK | |||
r-devel-windows-x86_64 | 0.2-9 | 72.00 | 391.00 | 463.00 | OK | |
r-patched-linux-x86_64 | 0.2-9 | 41.15 | 316.61 | 357.76 | OK | |
r-release-linux-x86_64 | 0.2-9 | 37.77 | 313.92 | 351.69 | OK | |
r-release-macos-arm64 | 0.2-9 | 104.00 | OK | |||
r-release-macos-x86_64 | 0.2-9 | 185.00 | OK | |||
r-release-windows-x86_64 | 0.2-9 | 72.00 | 393.00 | 465.00 | OK | |
r-oldrel-macos-arm64 | 0.2-9 | 111.00 | OK | |||
r-oldrel-macos-x86_64 | 0.2-9 | 149.00 | OK | |||
r-oldrel-windows-ix86+x86_64 | 0.2-9 | 105.00 | 614.00 | 719.00 | OK |
Version: 0.2-9
Check: Rd cross-references
Result: NOTE
Undeclared package ‘PHENIX’ in Rd xrefs
Flavor: r-devel-linux-x86_64-fedora-clang