Last updated on 2022-12-05 09:51:12 CET.
Flavor | Version | Tinstall | Tcheck | Ttotal | Status | Flags |
---|---|---|---|---|---|---|
r-devel-linux-x86_64-debian-clang | 1.0.1 | 146.26 | 367.68 | 513.94 | WARN | |
r-devel-linux-x86_64-debian-gcc | 1.0.1 | 107.38 | 274.03 | 381.41 | OK | |
r-devel-linux-x86_64-fedora-clang | 1.0.1 | 712.30 | WARN | |||
r-devel-linux-x86_64-fedora-gcc | 1.0.1 | 660.36 | OK | |||
r-devel-windows-x86_64 | 1.0.1 | 172.00 | 382.00 | 554.00 | OK | |
r-patched-linux-x86_64 | 1.0.1 | 121.77 | 362.83 | 484.60 | OK | |
r-release-linux-x86_64 | 1.0.1 | 121.73 | 356.27 | 478.00 | OK | |
r-release-macos-arm64 | 1.0.1 | 126.00 | OK | |||
r-release-macos-x86_64 | 1.0.1 | 184.00 | OK | |||
r-release-windows-x86_64 | 1.0.1 | 138.00 | 389.00 | 527.00 | OK | |
r-oldrel-macos-arm64 | 1.0.1 | 88.00 | OK | |||
r-oldrel-macos-x86_64 | 1.0.1 | 117.00 | OK | |||
r-oldrel-windows-ix86+x86_64 | 1.0.1 | 342.00 | 527.00 | 869.00 | OK |
Version: 1.0.1
Check: whether package can be installed
Result: WARN
Found the following significant warnings:
get_subplot_boundary_pixels.cpp:37:10: warning: use of bitwise '|' with boolean operands [-Wbitwise-instead-of-logical]
polygonize_class.cpp:52:10: warning: use of bitwise '&' with boolean operands [-Wbitwise-instead-of-logical]
polygonize_class.cpp:78:16: warning: use of bitwise '&' with boolean operands [-Wbitwise-instead-of-logical]
polygonize_class.cpp:99:11: warning: use of bitwise '|' with boolean operands [-Wbitwise-instead-of-logical]
polygonize_class.cpp:102:12: warning: use of bitwise '&' with boolean operands [-Wbitwise-instead-of-logical]
Flavors: r-devel-linux-x86_64-debian-clang, r-devel-linux-x86_64-fedora-clang