Last updated on 2022-12-05 09:51:17 CET.
Flavor | Version | Tinstall | Tcheck | Ttotal | Status | Flags |
---|---|---|---|---|---|---|
r-devel-linux-x86_64-debian-clang | 1.2.1 | 59.06 | 58.37 | 117.43 | WARN | |
r-devel-linux-x86_64-debian-gcc | 1.2.1 | 53.20 | 46.46 | 99.66 | OK | |
r-devel-linux-x86_64-fedora-clang | 1.2.1 | 187.77 | WARN | |||
r-devel-linux-x86_64-fedora-gcc | 1.2.1 | 186.95 | OK | |||
r-devel-windows-x86_64 | 1.2.1 | 55.00 | 107.00 | 162.00 | OK | |
r-patched-linux-x86_64 | 1.2.1 | 56.44 | 56.35 | 112.79 | OK | |
r-release-linux-x86_64 | 1.2.1 | 52.06 | 57.57 | 109.63 | OK | |
r-release-macos-arm64 | 1.2.1 | 45.00 | NOTE | |||
r-release-macos-x86_64 | 1.2.1 | 58.00 | NOTE | |||
r-release-windows-x86_64 | 1.2.1 | 55.00 | 109.00 | 164.00 | OK | |
r-oldrel-macos-arm64 | 1.2.1 | 54.00 | NOTE | |||
r-oldrel-macos-x86_64 | 1.2.1 | 60.00 | NOTE | |||
r-oldrel-windows-ix86+x86_64 | 1.2.1 | 169.00 | 108.00 | 277.00 | NOTE |
Version: 1.2.1
Check: whether package can be installed
Result: WARN
Found the following significant warnings:
conj_EMVS.cpp:68:9: warning: use of bitwise '|' with boolean operands [-Wbitwise-instead-of-logical]
conj_EMVS.cpp:77:9: warning: use of bitwise '|' with boolean operands [-Wbitwise-instead-of-logical]
conj_EMVS.cpp:135:9: warning: use of bitwise '|' with boolean operands [-Wbitwise-instead-of-logical]
ind_EMVS.cpp:67:11: warning: use of bitwise '|' with boolean operands [-Wbitwise-instead-of-logical]
ind_EMVS.cpp:77:11: warning: use of bitwise '|' with boolean operands [-Wbitwise-instead-of-logical]
ind_EMVS.cpp:124:11: warning: use of bitwise '|' with boolean operands [-Wbitwise-instead-of-logical]
Flavors: r-devel-linux-x86_64-debian-clang, r-devel-linux-x86_64-fedora-clang
Version: 1.2.1
Check: installed package size
Result: NOTE
installed size is 6.9Mb
sub-directories of 1Mb or more:
doc 3.6Mb
libs 3.2Mb
Flavors: r-release-macos-arm64, r-release-macos-x86_64, r-oldrel-macos-arm64, r-oldrel-macos-x86_64, r-oldrel-windows-ix86+x86_64