Last updated on 2022-12-05 09:51:30 CET.
Flavor | Version | Tinstall | Tcheck | Ttotal | Status | Flags |
---|---|---|---|---|---|---|
r-devel-linux-x86_64-debian-clang | 1.1 | 17.52 | 31.26 | 48.78 | WARN | |
r-devel-linux-x86_64-debian-gcc | 1.1 | 15.17 | 24.36 | 39.53 | OK | |
r-devel-linux-x86_64-fedora-clang | 1.1 | 82.16 | WARN | |||
r-devel-linux-x86_64-fedora-gcc | 1.1 | 75.03 | OK | |||
r-devel-windows-x86_64 | 1.1 | 47.00 | 78.00 | 125.00 | OK | |
r-patched-linux-x86_64 | 1.1 | 17.26 | 29.49 | 46.75 | OK | |
r-release-linux-x86_64 | 1.1 | 16.37 | 29.54 | 45.91 | OK | |
r-release-macos-arm64 | 1.1 | 22.00 | OK | |||
r-release-macos-x86_64 | 1.1 | 30.00 | OK | |||
r-release-windows-x86_64 | 1.1 | 31.00 | 80.00 | 111.00 | OK | |
r-oldrel-macos-arm64 | 1.1 | 25.00 | OK | |||
r-oldrel-macos-x86_64 | 1.1 | 41.00 | OK | |||
r-oldrel-windows-ix86+x86_64 | 1.1 | 51.00 | 98.00 | 149.00 | OK |
Version: 1.1
Check: whether package can be installed
Result: WARN
Found the following significant warnings:
haversine_dbox.cpp:45:7: warning: use of bitwise '|' with boolean operands [-Wbitwise-instead-of-logical]
haversine_dbox.cpp:50:14: warning: use of bitwise '|' with boolean operands [-Wbitwise-instead-of-logical]
haversine_dbox.cpp:113:7: warning: use of bitwise '|' with boolean operands [-Wbitwise-instead-of-logical]
haversine_dbox.cpp:118:14: warning: use of bitwise '|' with boolean operands [-Wbitwise-instead-of-logical]
Flavors: r-devel-linux-x86_64-debian-clang, r-devel-linux-x86_64-fedora-clang