Last updated on 2022-12-05 09:51:31 CET.
Flavor | Version | Tinstall | Tcheck | Ttotal | Status | Flags |
---|---|---|---|---|---|---|
r-devel-linux-x86_64-debian-clang | 1.2.1 | 152.35 | 38.83 | 191.18 | WARN | |
r-devel-linux-x86_64-debian-gcc | 1.2.1 | 125.28 | 30.60 | 155.88 | OK | |
r-devel-linux-x86_64-fedora-clang | 1.2.1 | 301.35 | WARN | |||
r-devel-linux-x86_64-fedora-gcc | 1.2.1 | 272.24 | OK | |||
r-devel-windows-x86_64 | 1.2.1 | 117.00 | 87.00 | 204.00 | OK | |
r-patched-linux-x86_64 | 1.2.1 | 127.47 | 37.81 | 165.28 | OK | |
r-release-linux-x86_64 | 1.2.1 | 129.86 | 37.72 | 167.58 | OK | |
r-release-macos-arm64 | 1.2.1 | 60.00 | NOTE | |||
r-release-macos-x86_64 | 1.2.1 | 78.00 | NOTE | |||
r-release-windows-x86_64 | 1.2.1 | 130.00 | 88.00 | 218.00 | OK | |
r-oldrel-macos-arm64 | 1.2.1 | 66.00 | NOTE | |||
r-oldrel-macos-x86_64 | 1.2.1 | 116.00 | NOTE | |||
r-oldrel-windows-ix86+x86_64 | 1.2.1 | 383.00 | 89.00 | 472.00 | OK |
Version: 1.2.1
Check: whether package can be installed
Result: WARN
Found the following significant warnings:
../inst/include/selectRegGen.hpp:4:47: warning: invalid UTF-8 in comment [-Winvalid-utf8]
Flavors: r-devel-linux-x86_64-debian-clang, r-devel-linux-x86_64-fedora-clang
Version: 1.2.1
Check: installed package size
Result: NOTE
installed size is 6.0Mb
sub-directories of 1Mb or more:
libs 5.8Mb
Flavors: r-release-macos-arm64, r-release-macos-x86_64, r-oldrel-macos-arm64, r-oldrel-macos-x86_64