Last updated on 2022-12-05 09:51:16 CET.
Flavor | Version | Tinstall | Tcheck | Ttotal | Status | Flags |
---|---|---|---|---|---|---|
r-devel-linux-x86_64-debian-clang | 1.4.0 | 35.00 | 83.99 | 118.99 | WARN | |
r-devel-linux-x86_64-debian-gcc | 1.4.0 | 27.07 | 64.02 | 91.09 | OK | |
r-devel-linux-x86_64-fedora-clang | 1.4.0 | 169.10 | WARN | |||
r-devel-linux-x86_64-fedora-gcc | 1.4.0 | 167.66 | OK | |||
r-devel-windows-x86_64 | 1.4.0 | 54.00 | 138.00 | 192.00 | OK | |
r-patched-linux-x86_64 | 1.4.0 | 28.24 | 79.01 | 107.25 | OK | |
r-release-linux-x86_64 | 1.4.0 | 33.14 | 79.28 | 112.42 | OK | |
r-release-macos-arm64 | 1.4.0 | 45.00 | OK | |||
r-release-macos-x86_64 | 1.4.0 | 81.00 | OK | |||
r-release-windows-x86_64 | 1.4.0 | 44.00 | 145.00 | 189.00 | OK | |
r-oldrel-macos-arm64 | 1.4.0 | 56.00 | OK | |||
r-oldrel-macos-x86_64 | 1.4.0 | 73.00 | OK | |||
r-oldrel-windows-ix86+x86_64 | 1.4.0 | 88.00 | 156.00 | 244.00 | OK |
Version: 1.4.0
Check: whether package can be installed
Result: WARN
Found the following significant warnings:
dscore.cpp:135:9: warning: use of bitwise '|' with boolean operands [-Wbitwise-instead-of-logical]
Flavors: r-devel-linux-x86_64-debian-clang, r-devel-linux-x86_64-fedora-clang