Last updated on 2022-12-05 08:51:20 CET.
Flavor | Version | Tinstall | Tcheck | Ttotal | Status | Flags |
---|---|---|---|---|---|---|
r-devel-linux-x86_64-debian-clang | 0.5 | 5.78 | 70.55 | 76.33 | NOTE | |
r-devel-linux-x86_64-debian-gcc | 0.5 | 6.06 | 55.03 | 61.09 | NOTE | |
r-devel-linux-x86_64-fedora-clang | 0.5 | 109.62 | NOTE | |||
r-devel-linux-x86_64-fedora-gcc | 0.5 | 105.67 | NOTE | |||
r-devel-windows-x86_64 | 0.5 | 12.00 | 94.00 | 106.00 | NOTE | |
r-patched-linux-x86_64 | 0.5 | 8.82 | 70.33 | 79.15 | OK | |
r-release-linux-x86_64 | 0.5 | 7.66 | 71.07 | 78.73 | OK | |
r-release-macos-arm64 | 0.5 | 32.00 | OK | |||
r-release-macos-x86_64 | 0.5 | 44.00 | OK | |||
r-release-windows-x86_64 | 0.5 | 17.00 | 100.00 | 117.00 | OK | |
r-oldrel-macos-arm64 | 0.5 | 35.00 | OK | |||
r-oldrel-macos-x86_64 | 0.5 | 43.00 | OK | |||
r-oldrel-windows-ix86+x86_64 | 0.5 | 18.00 | 94.00 | 112.00 | OK |
Version: 0.5
Check: HTML version of manual
Result: NOTE
Found the following HTML validation problems:
sampling.ER.html:84:9 (sampling.ER.Rd:40): Warning: <code> anchor "index" already defined
Flavors: r-devel-linux-x86_64-debian-clang, r-devel-linux-x86_64-debian-gcc, r-devel-linux-x86_64-fedora-clang, r-devel-linux-x86_64-fedora-gcc, r-devel-windows-x86_64