Last updated on 2022-12-05 09:51:20 CET.
| Flavor | Version | Tinstall | Tcheck | Ttotal | Status | Flags | 
|---|---|---|---|---|---|---|
| r-devel-linux-x86_64-debian-clang | 1.1 | 15.57 | 23.75 | 39.32 | WARN | |
| r-devel-linux-x86_64-debian-gcc | 1.1 | 11.01 | 18.26 | 29.27 | NOTE | |
| r-devel-linux-x86_64-fedora-clang | 1.1 | 55.08 | WARN | |||
| r-devel-linux-x86_64-fedora-gcc | 1.1 | 54.21 | NOTE | |||
| r-devel-windows-x86_64 | 1.1 | 35.00 | 59.00 | 94.00 | NOTE | |
| r-patched-linux-x86_64 | 1.1 | 10.39 | 22.51 | 32.90 | NOTE | |
| r-release-linux-x86_64 | 1.1 | 10.03 | 22.54 | 32.57 | NOTE | |
| r-release-macos-arm64 | 1.1 | 19.00 | NOTE | |||
| r-release-macos-x86_64 | 1.1 | 27.00 | NOTE | |||
| r-release-windows-x86_64 | 1.1 | 31.00 | 46.00 | 77.00 | NOTE | |
| r-oldrel-macos-arm64 | 1.1 | 26.00 | NOTE | |||
| r-oldrel-macos-x86_64 | 1.1 | 47.00 | NOTE | |||
| r-oldrel-windows-ix86+x86_64 | 1.1 | 42.00 | 38.00 | 80.00 | NOTE | 
Version: 1.1
Check: whether package can be installed
Result: WARN
    Found the following significant warnings:
      initds.c:10:29: warning: invalid UTF-8 in comment [-Winvalid-utf8]
Flavors: r-devel-linux-x86_64-debian-clang, r-devel-linux-x86_64-fedora-clang
Version: 1.1
Check: DESCRIPTION meta-information
Result: NOTE
    Malformed Description field: should contain one or more complete sentences.
Flavors: r-devel-linux-x86_64-debian-clang, r-devel-linux-x86_64-debian-gcc, r-devel-linux-x86_64-fedora-clang, r-devel-linux-x86_64-fedora-gcc, r-devel-windows-x86_64, r-patched-linux-x86_64, r-release-linux-x86_64, r-release-macos-arm64, r-release-macos-x86_64, r-release-windows-x86_64, r-oldrel-macos-arm64, r-oldrel-macos-x86_64, r-oldrel-windows-ix86+x86_64
Version: 1.1
Check: compiled code
Result: NOTE
    File ‘icapca/libs/icapca.so’:
      Found no calls to: ‘R_registerRoutines’, ‘R_useDynamicSymbols’
    
    It is good practice to register native routines and to disable symbol
    search.
    
    See ‘Writing portable packages’ in the ‘Writing R Extensions’ manual.
Flavors: r-devel-linux-x86_64-fedora-clang, r-devel-linux-x86_64-fedora-gcc