Last updated on 2022-12-05 09:51:21 CET.
Flavor | Version | Tinstall | Tcheck | Ttotal | Status | Flags |
---|---|---|---|---|---|---|
r-devel-linux-x86_64-debian-clang | 0.1.26 | 39.82 | 16.55 | 56.37 | WARN | |
r-devel-linux-x86_64-debian-gcc | 0.1.26 | 28.88 | 20.01 | 48.89 | OK | |
r-devel-linux-x86_64-fedora-clang | 0.1.26 | 133.50 | WARN | |||
r-devel-linux-x86_64-fedora-gcc | 0.1.26 | 93.29 | OK | |||
r-devel-windows-x86_64 | 0.1.26 | 58.00 | 59.00 | 117.00 | OK | |
r-patched-linux-x86_64 | 0.1.26 | 31.75 | 25.07 | 56.82 | OK | |
r-release-linux-x86_64 | 0.1.26 | 31.37 | 25.77 | 57.14 | OK | |
r-release-macos-arm64 | 0.1.26 | 28.00 | OK | |||
r-release-macos-x86_64 | 0.1.26 | 40.00 | OK | |||
r-release-windows-x86_64 | 0.1.26 | 56.00 | 53.00 | 109.00 | OK | |
r-oldrel-macos-arm64 | 0.1.26 | 33.00 | OK | |||
r-oldrel-macos-x86_64 | 0.1.26 | 54.00 | OK | |||
r-oldrel-windows-ix86+x86_64 | 0.1.26 | 94.00 | 40.00 | 134.00 | OK |
Version: 0.1.26
Check: whether package can be installed
Result: WARN
Found the following significant warnings:
./ebm_native/EbmStatisticUtils.h:86:122: warning: invalid UTF-8 in comment [-Winvalid-utf8]
Flavors: r-devel-linux-x86_64-debian-clang, r-devel-linux-x86_64-fedora-clang