Last updated on 2022-12-05 09:51:26 CET.
Flavor | Version | Tinstall | Tcheck | Ttotal | Status | Flags |
---|---|---|---|---|---|---|
r-devel-linux-x86_64-debian-clang | 1.2.2 | 15.52 | 136.66 | 152.18 | OK | |
r-devel-linux-x86_64-debian-gcc | 1.2.2 | 12.20 | 101.05 | 113.25 | OK | |
r-devel-linux-x86_64-fedora-clang | 1.2.2 | 195.82 | OK | |||
r-devel-linux-x86_64-fedora-gcc | 1.2.2 | 202.78 | OK | |||
r-devel-windows-x86_64 | 1.2.2 | 26.00 | 286.00 | 312.00 | OK | |
r-patched-linux-x86_64 | 1.2.2 | 18.53 | 127.49 | 146.02 | OK | |
r-release-linux-x86_64 | 1.2.2 | 13.01 | 128.92 | 141.93 | OK | |
r-release-macos-arm64 | 1.2.2 | 49.00 | ERROR | |||
r-release-macos-x86_64 | 1.2.2 | 83.00 | ERROR | |||
r-release-windows-x86_64 | 1.2.2 | 26.00 | 293.00 | 319.00 | OK | |
r-oldrel-macos-arm64 | 1.2.2 | 61.00 | WARN | |||
r-oldrel-macos-x86_64 | 1.2.2 | 82.00 | WARN | |||
r-oldrel-windows-ix86+x86_64 | 1.2.2 | 32.00 | 290.00 | 322.00 | OK |
Version: 1.2.2
Check: package dependencies
Result: NOTE
Package suggested but not available for checking: ‘ptmixed’
Flavors: r-release-macos-arm64, r-release-macos-x86_64, r-oldrel-macos-arm64, r-oldrel-macos-x86_64
Version: 1.2.2
Check: re-building of vignette outputs
Result: ERROR
Error(s) in re-building vignettes:
...
--- re-building ‘pencal-vignette.Rmd’ using rmarkdown
Quitting from lines 158-167 (pencal-vignette.Rmd)
Error: processing vignette 'pencal-vignette.Rmd' failed with diagnostics:
there is no package called 'ptmixed'
--- failed re-building ‘pencal-vignette.Rmd’
SUMMARY: processing the following file failed:
‘pencal-vignette.Rmd’
Error: Vignette re-building failed.
Execution halted
Flavors: r-release-macos-arm64, r-release-macos-x86_64
Version: 1.2.2
Check: re-building of vignette outputs
Result: WARN
Error(s) in re-building vignettes:
...
--- re-building ‘pencal-vignette.Rmd’ using rmarkdown
Quitting from lines 158-167 (pencal-vignette.Rmd)
Error: processing vignette 'pencal-vignette.Rmd' failed with diagnostics:
there is no package called 'ptmixed'
--- failed re-building ‘pencal-vignette.Rmd’
SUMMARY: processing the following file failed:
‘pencal-vignette.Rmd’
Error: Vignette re-building failed.
Execution halted
Flavors: r-oldrel-macos-arm64, r-oldrel-macos-x86_64