Last updated on 2022-12-05 09:51:33 CET.
Flavor | Version | Tinstall | Tcheck | Ttotal | Status | Flags |
---|---|---|---|---|---|---|
r-devel-linux-x86_64-debian-clang | 1.0 | 9.96 | 78.56 | 88.52 | WARN | |
r-devel-linux-x86_64-debian-gcc | 1.0 | 8.61 | 60.72 | 69.33 | OK | |
r-devel-linux-x86_64-fedora-clang | 1.0 | 123.24 | WARN | |||
r-devel-linux-x86_64-fedora-gcc | 1.0 | 131.12 | OK | |||
r-devel-windows-x86_64 | 1.0 | 29.00 | 116.00 | 145.00 | OK | |
r-patched-linux-x86_64 | 1.0 | 10.06 | 76.05 | 86.11 | OK | |
r-release-linux-x86_64 | 1.0 | 7.54 | 76.60 | 84.14 | OK | |
r-release-macos-arm64 | 1.0 | 35.00 | OK | |||
r-release-macos-x86_64 | 1.0 | 51.00 | OK | |||
r-release-windows-x86_64 | 1.0 | 55.00 | 121.00 | 176.00 | OK | |
r-oldrel-macos-arm64 | 1.0 | 33.00 | OK | |||
r-oldrel-macos-x86_64 | 1.0 | 48.00 | OK | |||
r-oldrel-windows-ix86+x86_64 | 1.0 | 23.00 | 140.00 | 163.00 | OK |
Version: 1.0
Check: whether package can be installed
Result: WARN
Found the following significant warnings:
survivalBIV.c:8:11: warning: invalid UTF-8 in comment [-Winvalid-utf8]
survivalBIV.c:34:11: warning: invalid UTF-8 in comment [-Winvalid-utf8]
survivalBIV.c:80:11: warning: invalid UTF-8 in comment [-Winvalid-utf8]
survivalBIV.c:131:11: warning: invalid UTF-8 in comment [-Winvalid-utf8]
survivalBIV.c:182:11: warning: invalid UTF-8 in comment [-Winvalid-utf8]
survivalBIV.c:228:11: warning: invalid UTF-8 in comment [-Winvalid-utf8]
survivalBIV.c:279:11: warning: invalid UTF-8 in comment [-Winvalid-utf8]
survivalBIV.c:325:11: warning: invalid UTF-8 in comment [-Winvalid-utf8]
survivalBIV.c:351:11: warning: invalid UTF-8 in comment [-Winvalid-utf8]
survivalBIV.c:391:11: warning: invalid UTF-8 in comment [-Winvalid-utf8]
survivalBIV.c:437:11: warning: invalid UTF-8 in comment [-Winvalid-utf8]
survivalBIV.c:479:11: warning: invalid UTF-8 in comment [-Winvalid-utf8]
survivalBIV.c:530:11: warning: invalid UTF-8 in comment [-Winvalid-utf8]
survivalBIV.c:581:11: warning: invalid UTF-8 in comment [-Winvalid-utf8]
survivalBIV.c:630:11: warning: invalid UTF-8 in comment [-Winvalid-utf8]
survivalBIV.c:679:11: warning: invalid UTF-8 in comment [-Winvalid-utf8]
survivalBIV.c:724:11: warning: invalid UTF-8 in comment [-Winvalid-utf8]
survivalBIV.c:769:11: warning: invalid UTF-8 in comment [-Winvalid-utf8]
survivalBIV.c:812:11: warning: invalid UTF-8 in comment [-Winvalid-utf8]
survivalBIV.c:850:11: warning: invalid UTF-8 in comment [-Winvalid-utf8]
survivalBIV.c:901:11: warning: invalid UTF-8 in comment [-Winvalid-utf8]
survivalBIV.c:943:11: warning: invalid UTF-8 in comment [-Winvalid-utf8]
survivalBIV.c:996:11: warning: invalid UTF-8 in comment [-Winvalid-utf8]
survivalBIV.c:1038:11: warning: invalid UTF-8 in comment [-Winvalid-utf8]
survivalBIV.c:1105:11: warning: invalid UTF-8 in comment [-Winvalid-utf8]
survivalBIV.c:1152:11: warning: invalid UTF-8 in comment [-Winvalid-utf8]
survivalBIV.c:1189:11: warning: invalid UTF-8 in comment [-Winvalid-utf8]
survivalBIV.c:1227:11: warning: invalid UTF-8 in comment [-Winvalid-utf8]
survivalBIV.c:1264:11: warning: invalid UTF-8 in comment [-Winvalid-utf8]
survivalBIV.c:1302:11: warning: invalid UTF-8 in comment [-Winvalid-utf8]
survivalBIV.c:1371:11: warning: invalid UTF-8 in comment [-Winvalid-utf8]
survivalBIV.c:1410:11: warning: invalid UTF-8 in comment [-Winvalid-utf8]
survivalBIV.c:1458:11: warning: invalid UTF-8 in comment [-Winvalid-utf8]
survivalBIV.c:1536:11: warning: invalid UTF-8 in comment [-Winvalid-utf8]
survivalBIV.c:1575:11: warning: invalid UTF-8 in comment [-Winvalid-utf8]
survivalBIV.c:1623:11: warning: invalid UTF-8 in comment [-Winvalid-utf8]
survivalBIV.c:1667:11: warning: invalid UTF-8 in comment [-Winvalid-utf8]
survivalBIV.c:1711:11: warning: invalid UTF-8 in comment [-Winvalid-utf8]
survivalBIV.c:1768:11: warning: invalid UTF-8 in comment [-Winvalid-utf8]
survivalBIV.c:1825:11: warning: invalid UTF-8 in comment [-Winvalid-utf8]
survivalBIV.c:1879:11: warning: invalid UTF-8 in comment [-Winvalid-utf8]
survivalBIV.c:1926:11: warning: invalid UTF-8 in comment [-Winvalid-utf8]
survivalBIV.c:1973:11: warning: invalid UTF-8 in comment [-Winvalid-utf8]
Flavors: r-devel-linux-x86_64-debian-clang, r-devel-linux-x86_64-fedora-clang