Last updated on 2022-12-07 06:53:03 CET.
Flavor | Version | Tinstall | Tcheck | Ttotal | Status | Flags |
---|---|---|---|---|---|---|
r-devel-linux-x86_64-debian-clang | 1.0.9 | 38.87 | 396.94 | 435.81 | OK | |
r-devel-linux-x86_64-debian-gcc | 1.0.9 | 35.01 | 292.51 | 327.52 | OK | |
r-devel-linux-x86_64-fedora-clang | 1.0.9 | 532.42 | ERROR | |||
r-devel-linux-x86_64-fedora-gcc | 1.0.9 | 564.91 | NOTE | |||
r-devel-windows-x86_64 | 1.0.9 | 67.00 | 440.00 | 507.00 | OK | |
r-patched-linux-x86_64 | 1.0.9 | 33.41 | 378.72 | 412.13 | OK | |
r-release-linux-x86_64 | 1.0.9 | 41.17 | 383.39 | 424.56 | OK | |
r-release-macos-arm64 | 1.0.9 | 162.00 | NOTE | |||
r-release-macos-x86_64 | 1.0.9 | 195.00 | NOTE | |||
r-release-windows-x86_64 | 1.0.9 | 55.00 | 439.00 | 494.00 | OK | |
r-oldrel-macos-arm64 | 1.0.9 | 139.00 | NOTE | |||
r-oldrel-macos-x86_64 | 1.0.9 | 187.00 | NOTE | |||
r-oldrel-windows-ix86+x86_64 | 1.0.9 | 105.00 | 442.00 | 547.00 | OK |
Version: 1.0.9
Check: data for non-ASCII characters
Result: NOTE
Note: found 2487 marked UTF-8 strings
Flavors: r-devel-linux-x86_64-fedora-clang, r-devel-linux-x86_64-fedora-gcc, r-release-macos-arm64, r-release-macos-x86_64, r-oldrel-macos-arm64, r-oldrel-macos-x86_64
Version: 1.0.9
Check: examples
Result: ERROR
Running examples in ‘bRacatus-Ex.R’ failed
The error most likely occurred in:
> ### Name: getOcc
> ### Title: getOcc
> ### Aliases: getOcc
>
> ### ** Examples
>
> sps_occurrence <- getOcc("Babiana tubulosa")
Error in getOcc("Babiana tubulosa") :
GBIF database not accessible due to connection issues.
Execution halted
Flavor: r-devel-linux-x86_64-fedora-clang